000
CDUS44 KMRX 050841
CLICHA

CLIMATE REPORT
NATIONAL WEATHER SERVICE MORRISTOWN TN

440 AM EDT TUE MAY 5 2015


...................................

...THE CHATTANOOGA CLIMATE SUMMARY FOR MAY 4 2015...

CLIMATE NORMAL PERIOD 1981 TO 2010
CLIMATE RECORD PERIOD 1879 TO 2015


WEATHER ITEM   OBSERVED TIME   RECORD YEAR NORMAL DEPARTURE LAST
                VALUE   (LST)  VALUE       VALUE  FROM      YEAR
                                                  NORMAL
..................................................................
TEMPERATURE (F)
 YESTERDAY
  MAXIMUM         83    219 PM  92    1902  77      6       87
  MINIMUM         52    618 AM  34    1971  54     -2       51
  AVERAGE         68                        65      3       69

PRECIPITATION (IN)
  YESTERDAY        0.00          3.17 2013   0.14  -0.14     0.00
  MONTH TO DATE    0.00                      0.57  -0.57     0.00
  SINCE MAR 1     13.48                      9.54   3.94     7.85
  SINCE JAN 1     20.47                     19.29   1.18    15.44

SNOWFALL (IN)
  YESTERDAY        0.0                       0.0    0.0      0.0
  MONTH TO DATE    0.0                       0.0    0.0      0.0
  SINCE MAR 1      0.0                       1.3   -1.3       T
  SINCE JUL 1      9.5                       3.9    5.6      8.4
  SNOW DEPTH       0

DEGREE DAYS
 HEATING
  YESTERDAY        0                         2     -2        0
  MONTH TO DATE   10                        10      0       13
  SINCE MAR 1    425                       588   -163      568
  SINCE JUL 1   3258                      3210     48     3362

 COOLING
  YESTERDAY        3                         3      0        4
  MONTH TO DATE    3                        10     -7        4
  SINCE MAR 1     50                        56     -6       42
  SINCE JAN 1     50                        56     -6       42
..................................................................


WIND (MPH)
  HIGHEST WIND SPEED    12   HIGHEST WIND DIRECTION    SE (130)
  HIGHEST GUST SPEED    15   HIGHEST GUST DIRECTION    NW (320)
  AVERAGE WIND SPEED     2.4


SKY COVER
  POSSIBLE SUNSHINE  MM
  AVERAGE SKY COVER 0.3


WEATHER CONDITIONS
 THE FOLLOWING WEATHER WAS RECORDED YESTERDAY.
  NO SIGNIFICANT WEATHER WAS OBSERVED.


RELATIVE HUMIDITY (PERCENT)
 HIGHEST    93           700 AM
 LOWEST     33           100 PM
 AVERAGE    63

..........................................................


THE CHATTANOOGA CLIMATE NORMALS FOR TODAY
NORMAL    RECORD    YEAR                     MAXIMUM TEMPERATURE (F)
  77        92      2012
                    1952
                    1949                     MINIMUM TEMPERATURE (F)
  54        38      1957


SUNRISE AND SUNSET
MAY  5 2015...........SUNRISE   646 AM EDT   SUNSET   829 PM EDT
MAY  6 2015...........SUNRISE   645 AM EDT   SUNSET   830 PM EDT


-  INDICATES NEGATIVE NUMBERS.
R  INDICATES RECORD WAS SET OR TIED.
MM INDICATES DATA IS MISSING.
T  INDICATES TRACE AMOUNT.




$$
