000
CDUS42 KCHS 050520
CLICHS


CLIMATE REPORT
NATIONAL WEATHER SERVICE CHARLESTON SC
120 AM EDT TUE MAY 5 2015


...................................

...THE NORTH CHARLESTON SC CLIMATE SUMMARY FOR MAY 4 2015...

CLIMATE NORMAL PERIOD 1981 TO 2010
CLIMATE RECORD PERIOD 1938 TO 2015


WEATHER ITEM   OBSERVED TIME   RECORD YEAR NORMAL DEPARTURE LAST
                VALUE   (LST)  VALUE       VALUE  FROM      YEAR
                                                  NORMAL
..................................................................
TEMPERATURE (F)
 YESTERDAY
  MAXIMUM         80   1211 PM  94    1938  81     -1       87
  MINIMUM         57    410 AM  38    1939  58     -1       56
  AVERAGE         69                        69      0       72

PRECIPITATION (IN)
  YESTERDAY        0.00          1.92 1998   0.09  -0.09     0.00
  MONTH TO DATE    0.00                      0.37  -0.37      T
  SINCE MAR 1      5.93                      6.99  -1.06    10.91
  SINCE JAN 1     13.86                     13.66   0.20    15.76

DEGREE DAYS
 HEATING
  YESTERDAY        0                         1     -1        0
  MONTH TO DATE    4                         4      0        0
  SINCE MAR 1    210                       331   -121      352
  SINCE JUL 1   1947                      1967    -20     1875

 COOLING
  YESTERDAY        4                         5     -1        7
  MONTH TO DATE    7                        20    -13       24
  SINCE MAR 1    167                       131     36      172
  SINCE JAN 1    171                       138     33      182
..................................................................


WIND (MPH)
  HIGHEST WIND SPEED    18   HIGHEST WIND DIRECTION     S (160)
  HIGHEST GUST SPEED    22   HIGHEST GUST DIRECTION     S (160)
  AVERAGE WIND SPEED     5.6


SKY COVER
  POSSIBLE SUNSHINE  MM
  AVERAGE SKY COVER 0.3


WEATHER CONDITIONS
 THE FOLLOWING WEATHER WAS RECORDED YESTERDAY.
  FOG


RELATIVE HUMIDITY (PERCENT)
 HIGHEST   100           400 AM
 LOWEST     40           400 PM
 AVERAGE    70

..........................................................


THE NORTH CHARLESTON SC CLIMATE NORMALS FOR TODAY
                         NORMAL    RECORD    YEAR
 MAXIMUM TEMPERATURE (F)   81        95      2014
 MINIMUM TEMPERATURE (F)   58        44      1976
                                             1939


SUNRISE AND SUNSET
MAY  5 2015...........SUNRISE   629 AM EDT   SUNSET   805 PM EDT
MAY  6 2015...........SUNRISE   628 AM EDT   SUNSET   806 PM EDT


-  INDICATES NEGATIVE NUMBERS.
R  INDICATES RECORD WAS SET OR TIED.
MM INDICATES DATA IS MISSING.
T  INDICATES TRACE AMOUNT.




$$
