000
CDUS44 KHGX 270726
CLICLL


CLIMATE REPORT
NATIONAL WEATHER SERVICE HOUSTON/GALVESTON TX
226 AM CDT MON APR 27 2015


...................................

...THE COLLEGE STATION CLIMATE SUMMARY FOR APRIL 26 2015...

CLIMATE NORMAL PERIOD 1981 TO 2010
CLIMATE RECORD PERIOD 1902 TO 2015


WEATHER ITEM   OBSERVED TIME   RECORD YEAR NORMAL DEPARTURE LAST
                VALUE   (LST)  VALUE       VALUE  FROM      YEAR
                                                  NORMAL
..................................................................
TEMPERATURE (F)
 YESTERDAY
  MAXIMUM         84    359 PM  93    1933  81      3       82
  MINIMUM         68    251 AM  42    1910  61      7       67
  AVERAGE         76                        71      5       75

PRECIPITATION (IN)
  YESTERDAY        T             2.05 1964   0.10  -0.10     0.00
  MONTH TO DATE    3.62                      2.21   1.41     1.23
  SINCE MAR 1      9.45                      5.38   4.07     2.84
  SINCE JAN 1     16.86                     11.47   5.39     5.02

SNOWFALL (IN)
  YESTERDAY        0.0
  MONTH TO DATE    0.0
  SINCE JUL 1      T

DEGREE DAYS
 HEATING
  YESTERDAY        0                         1     -1        0
  MONTH TO DATE    9                        46    -37       59
  SINCE MAR 1    220                       218      2      328
  SINCE JUL 1   1761                      1605    156     2052

 COOLING
  YESTERDAY       11                         7      4       10
  MONTH TO DATE  182                       123     59      130
  SINCE MAR 1    228                       182     46      153
  SINCE JAN 1    229                       210     19      174
..................................................................


WIND (MPH)
  HIGHEST WIND SPEED    20   HIGHEST WIND DIRECTION     S (170)
  HIGHEST GUST SPEED    23   HIGHEST GUST DIRECTION     S (160)
  AVERAGE WIND SPEED     8.3


SKY COVER
  AVERAGE SKY COVER 0.3


WEATHER CONDITIONS
 THE FOLLOWING WEATHER WAS RECORDED YESTERDAY.
  LIGHT RAIN
  FOG


RELATIVE HUMIDITY (PERCENT)
 HIGHEST    97           200 AM
 LOWEST     65           200 PM
 AVERAGE    81

..........................................................


THE COLLEGE STATION CLIMATE NORMALS FOR TODAY
                         NORMAL    RECORD    YEAR
 MAXIMUM TEMPERATURE (F)   81        91      1987
 MINIMUM TEMPERATURE (F)   61        47      1980
                                             1952
                                             1928


SUNRISE AND SUNSET
APRIL 27 2015.........SUNRISE   646 AM CDT   SUNSET   801 PM CDT
APRIL 28 2015.........SUNRISE   645 AM CDT   SUNSET   802 PM CDT


-  INDICATES NEGATIVE NUMBERS.
R  INDICATES RECORD WAS SET OR TIED.
MM INDICATES DATA IS MISSING.
T  INDICATES TRACE AMOUNT.




$$
