000
CDUS42 KGSP 260628
CLICLT

CLIMATE REPORT
NATIONAL WEATHER SERVICE GREENVILLE-SPARTANBURG SC
227 AM EDT SUN APR 26 2015


...................................

...THE CHARLOTTE NC CLIMATE SUMMARY FOR APRIL 25 2015...

CLIMATE NORMAL PERIOD 1981 TO 2010
CLIMATE RECORD PERIOD 1878 TO 2015


WEATHER ITEM   OBSERVED TIME   RECORD YEAR NORMAL DEPARTURE LAST
                VALUE   (LST)  VALUE       VALUE  FROM      YEAR
                                                  NORMAL
..................................................................
TEMPERATURE (F)
 YESTERDAY
  MAXIMUM         61    733 PM  93    1925  74    -13       79
  MINIMUM         51   1159 PM  31    2005  49      2       53
  AVERAGE         56                        62     -6       66

PRECIPITATION (IN)
  YESTERDAY        0.19          1.78 1978   0.10   0.09      T
  MONTH TO DATE    6.14                      2.56   3.58     6.43
  SINCE MAR 1      8.33                      6.57   1.76    10.91
  SINCE JAN 1     14.15                     13.30   0.85    17.83

SNOWFALL (IN)
  YESTERDAY        0.0           0.0    MM   0.0    0.0      0.0
  MONTH TO DATE    0.0                       0.0    0.0      0.0
  SINCE MAR 1      0.0                       0.6   -0.6       T
  SINCE JUL 1      3.1                       4.3   -1.2      9.3
  SNOW DEPTH       0

DEGREE DAYS
 HEATING
  YESTERDAY        9                         5      4        0
  MONTH TO DATE   87                       179    -92      142
  SINCE MAR 1    423                       612   -189      683
  SINCE JUL 1   3194                      3311   -117     3359

 COOLING
  YESTERDAY        0                         2     -2        1
  MONTH TO DATE   56                        26     30       23
  SINCE MAR 1     63                        31     32       23
  SINCE JAN 1     63                        31     32       24
..................................................................


WIND (MPH)
  HIGHEST WIND SPEED    16   HIGHEST WIND DIRECTION    SW (230)
  HIGHEST GUST SPEED    21   HIGHEST GUST DIRECTION    SW (220)
  AVERAGE WIND SPEED     4.9


SKY COVER
  POSSIBLE SUNSHINE  MM
  AVERAGE SKY COVER 1.0


WEATHER CONDITIONS
 THE FOLLOWING WEATHER WAS RECORDED YESTERDAY.
  RAIN
  LIGHT RAIN
  FOG


RELATIVE HUMIDITY (PERCENT)
 HIGHEST    93           900 AM
 LOWEST     55          1200 AM
 AVERAGE    74

..........................................................


THE CHARLOTTE NC CLIMATE NORMALS FOR TODAY
                         NORMAL    RECORD    YEAR
 MAXIMUM TEMPERATURE (F)   75        92      1915
 MINIMUM TEMPERATURE (F)   50        34      1910


SUNRISE AND SUNSET
APRIL 26 2015.........SUNRISE   638 AM EDT   SUNSET   805 PM EDT
APRIL 27 2015.........SUNRISE   637 AM EDT   SUNSET   806 PM EDT


-  INDICATES NEGATIVE NUMBERS.
R  INDICATES RECORD WAS SET OR TIED.
MM INDICATES DATA IS MISSING.
T  INDICATES TRACE AMOUNT.




$$
