000
CDUS46 KLOX 070902
CLICMA


CLIMATE REPORT
NATIONAL WEATHER SERVICE LOS ANGELES/OXNARD CA
201 AM PDT THU MAY 7 2015


...................................

...THE CAMARILLO AIRPORT CA CLIMATE SUMMARY FOR MAY 6 2015...

CLIMATE NORMAL PERIOD 1981 TO 2010
CLIMATE RECORD PERIOD 1948 TO 2015


WEATHER ITEM   OBSERVED TIME   RECORD YEAR NORMAL DEPARTURE LAST
                VALUE   (LST)  VALUE       VALUE  FROM      YEAR
                                                  NORMAL
..................................................................
TEMPERATURE (F)
 YESTERDAY
  MAXIMUM         68   1256 PM  89    1949  71     -3       68
  MINIMUM         54   1208 AM  41    1964  50      4       53
  AVERAGE         61                        60      1       61

PRECIPITATION (IN)
  YESTERDAY        0.00          0.40 1998   0.02  -0.02     0.00
  MONTH TO DATE    0.00                      0.12  -0.12     0.00
  SINCE OCT 1      8.13                     14.74  -6.61     4.96
  SINCE JAN 1      3.22                     10.74  -7.52     4.18

SNOWFALL (IN)
  YESTERDAY        0.0
  MONTH TO DATE    0.0
  SINCE MAR 1      0.0
  SINCE JUL 1      0.0

DEGREE DAYS
 HEATING
  YESTERDAY        4                         5     -1        4
  MONTH TO DATE   23                        31     -8       10
  SINCE MAR 1    231                       515   -284      306
  SINCE JUL 1    888                      1851   -963     1259

 COOLING
  YESTERDAY        0                         0      0        0
  MONTH TO DATE    1                         0      1       19
  SINCE MAR 1     70                        11     59       53
  SINCE JAN 1    109                        20     89       81
..................................................................


WIND (MPH)
  HIGHEST WIND SPEED    18   HIGHEST WIND DIRECTION     W (270)
  HIGHEST GUST SPEED    23   HIGHEST GUST DIRECTION     W (260)
  AVERAGE WIND SPEED     6.9


SKY COVER
  POSSIBLE SUNSHINE  MM
  AVERAGE SKY COVER 1.0


WEATHER CONDITIONS
 THE FOLLOWING WEATHER WAS RECORDED YESTERDAY.
  NO SIGNIFICANT WEATHER WAS OBSERVED.


RELATIVE HUMIDITY (PERCENT)
 HIGHEST    77          1200 AM
 LOWEST     48          1200 PM
 AVERAGE    63

..........................................................


THE CAMARILLO AIRPORT CA CLIMATE NORMALS FOR TODAY
                         NORMAL    RECORD    YEAR
 MAXIMUM TEMPERATURE (F)   71        94      2007
 MINIMUM TEMPERATURE (F)   50        37      1964


SUNRISE AND SUNSET
MAY  7 2015...........SUNRISE   601 AM PDT   SUNSET   745 PM PDT
MAY  8 2015...........SUNRISE   600 AM PDT   SUNSET   746 PM PDT


-  INDICATES NEGATIVE NUMBERS.
R  INDICATES RECORD WAS SET OR TIED.
MM INDICATES DATA IS MISSING.
T  INDICATES TRACE AMOUNT.




$$
