000
CDUS45 KRIW 250736
CLICPR


CLIMATE REPORT
NATIONAL WEATHER SERVICE RIVERTON WY
134 AM MDT SAT APR 25 2015


...................................

...THE CASPER WY CLIMATE SUMMARY FOR APRIL 24 2015...

CLIMATE NORMAL PERIOD 1981 TO 2010
CLIMATE RECORD PERIOD 1939 TO 2015


WEATHER ITEM   OBSERVED TIME   RECORD YEAR NORMAL DEPARTURE LAST
                VALUE   (LST)  VALUE       VALUE  FROM      YEAR
                                                  NORMAL
..................................................................
TEMPERATURE (F)
 YESTERDAY
  MAXIMUM         68    336 PM  83    2012  59      9       63
  MINIMUM         43   1106 PM  15    1958  31     12       26
  AVERAGE         56                        45     11       45

PRECIPITATION (IN)
  YESTERDAY        0.00          0.39 1951   0.05  -0.05     0.00
  MONTH TO DATE    1.10                      0.97   0.13     0.64
  SINCE MAR 1      1.74                      1.79  -0.05     2.28
  SINCE JAN 1      3.05                      2.87   0.18     3.76

SNOWFALL (IN)
  YESTERDAY        0.0                       0.4   -0.4      0.0
  MONTH TO DATE    4.5                       9.8   -5.3      5.2
  SINCE MAR 1     13.8                      20.7   -6.9     23.9
  SINCE JUL 1     65.2                      70.1   -4.9     90.1
  SNOW DEPTH       0

DEGREE DAYS
 HEATING
  YESTERDAY        9                        20    -11       20
  MONTH TO DATE  520                       556    -36      526
  SINCE MAR 1   1289                      1481   -192     1438
  SINCE JUL 1   6340                      6929   -589     7202

 COOLING
  YESTERDAY        0                         0      0        0
  MONTH TO DATE    0                         0      0        0
  SINCE MAR 1      0                         0      0        0
  SINCE JAN 1      0                         0      0        0
..................................................................


WIND (MPH)
  HIGHEST WIND SPEED    31   HIGHEST WIND DIRECTION    SW (210)
  HIGHEST GUST SPEED    37   HIGHEST GUST DIRECTION    SW (220)
  AVERAGE WIND SPEED    12.4


SKY COVER
  POSSIBLE SUNSHINE  MM
  AVERAGE SKY COVER 0.3


WEATHER CONDITIONS
 THE FOLLOWING WEATHER WAS RECORDED YESTERDAY.
  NO SIGNIFICANT WEATHER WAS OBSERVED.


RELATIVE HUMIDITY (PERCENT)
 HIGHEST    76          1200 AM
 LOWEST     12           300 PM
 AVERAGE    44

..........................................................


THE CASPER WY CLIMATE NORMALS FOR TODAY
                         NORMAL    RECORD    YEAR
 MAXIMUM TEMPERATURE (F)   60        79      1987
 MINIMUM TEMPERATURE (F)   31        18      2008


SUNRISE AND SUNSET
APRIL 25 2015.........SUNRISE   609 AM MDT   SUNSET   800 PM MDT
APRIL 26 2015.........SUNRISE   607 AM MDT   SUNSET   801 PM MDT


-  INDICATES NEGATIVE NUMBERS.
R  INDICATES RECORD WAS SET OR TIED.
MM INDICATES DATA IS MISSING.
T  INDICATES TRACE AMOUNT.




$$
