000
CDUS45 KCYS 190729
CLICYS


CLIMATE REPORT
NATIONAL WEATHER SERVICE CHEYENNE WY
128 AM MDT SUN APR 19 2015


...................................

...THE CHEYENNE WYOMING AIRPORT CLIMATE SUMMARY FOR APRIL 18 2015...

CLIMATE NORMAL PERIOD 1981 TO 2010
CLIMATE RECORD PERIOD 1871 TO 2015


WEATHER ITEM   OBSERVED TIME   RECORD YEAR NORMAL DEPARTURE LAST
                VALUE   (LST)  VALUE       VALUE  FROM      YEAR
                                                  NORMAL
..................................................................
TEMPERATURE (F)
 YESTERDAY
  MAXIMUM         44    259 PM  78    1987  56    -12       73
  MINIMUM         33   1238 AM   3    1953  31      2       35
  AVERAGE         39                        43     -4       54

PRECIPITATION (IN)
  YESTERDAY        0.04          0.63 1920   0.06  -0.02     0.00
  MONTH TO DATE    2.19                      0.96   1.23     0.64
  SINCE JAN 1      3.06                      2.81   0.25     3.70

SNOWFALL (IN)
  YESTERDAY        T             7.0  1920   0.3   -0.3      0.0
  MONTH TO DATE   13.5                       7.0    6.5      6.1
  SINCE JUL 1     48.2                      54.8   -6.6     77.6
  SNOW DEPTH       3

DEGREE DAYS
 HEATING
  YESTERDAY       26                        22      4       11
  MONTH TO DATE  406                       431    -25      414
  SINCE MAR 1   1114                      1332   -218     1287
  SINCE JUL 1   5760                      6351   -591     6491

 COOLING
  YESTERDAY        0                         0      0        0
  MONTH TO DATE    0                         0      0        0
  SINCE MAR 1      0                         0      0        0
  SINCE JAN 1      0                         0      0        0
..................................................................


WIND (MPH)
  HIGHEST WIND SPEED    29   HIGHEST WIND DIRECTION     N (350)
  HIGHEST GUST SPEED    40   HIGHEST GUST DIRECTION     N (360)
  AVERAGE WIND SPEED    11.8


SKY COVER
  AVERAGE SKY COVER 0.8


WEATHER CONDITIONS
 THE FOLLOWING WEATHER WAS RECORDED YESTERDAY.
  LIGHT RAIN
  LIGHT SNOW
  FOG


RELATIVE HUMIDITY (PERCENT)
 HIGHEST   100           100 AM
 LOWEST     65           300 PM
 AVERAGE    83

..........................................................


THE CHEYENNE WYOMING AIRPORT CLIMATE NORMALS FOR TODAY
                         NORMAL    RECORD    YEAR
 MAXIMUM TEMPERATURE (F)   56        78      1962
 MINIMUM TEMPERATURE (F)   32         0      1966


SUNRISE AND SUNSET
APRIL 19 2015.........SUNRISE   614 AM MDT   SUNSET   743 PM MDT
APRIL 20 2015.........SUNRISE   613 AM MDT   SUNSET   744 PM MDT


-  INDICATES NEGATIVE NUMBERS.
R  INDICATES RECORD WAS SET OR TIED.
MM INDICATES DATA IS MISSING.
T  INDICATES TRACE AMOUNT.




$$
