000
CDUS43 KDVN 182129
CLIDBQ


CLIMATE REPORT
NATIONAL WEATHER SERVICE QUAD CITIES IA IL
427 PM CDT SAT APR 18 2015


...................................

...THE DUBUQUE IA CLIMATE SUMMARY FOR APRIL 18 2015...
VALID TODAY AS OF 0400 PM LOCAL TIME.

CLIMATE NORMAL PERIOD 1981 TO 2010
CLIMATE RECORD PERIOD 1873 TO 2015


WEATHER ITEM   OBSERVED TIME   RECORD YEAR NORMAL DEPARTURE LAST
                VALUE   (LST)  VALUE       VALUE  FROM      YEAR
                                                  NORMAL
..................................................................
TEMPERATURE (F)
 TODAY
  MAXIMUM         74    259 PM  86    1985  60     14       58
  MINIMUM         53    428 AM  21    1983  39     14       28
  AVERAGE         64                        49     15       43

PRECIPITATION (IN)
  TODAY            0.00          2.22 1882   0.13  -0.13     0.00
  MONTH TO DATE    0.98                      2.09  -1.11     3.71
  SINCE MAR 1      1.78                      4.50  -2.72     4.85
  SINCE JAN 1      4.07                      7.11  -3.04     7.33

SNOWFALL (IN)
  TODAY            0.0          MM      MM   0.1   -0.1      0.0
  MONTH TO DATE    0.0                       1.6   -1.6      0.7
  SINCE MAR 1      4.1                       7.9   -3.8     11.6
  SINCE JUL 1     33.7                      41.5   -7.8     63.3
  SNOW DEPTH       0

DEGREE DAYS
 HEATING
  TODAY            1                        16    -15       22
  MONTH TO DATE  239                       346   -107      391
  SINCE MAR 1   1151                      1264   -113     1550
  SINCE JUL 1   6999                      6657    342     7926

 COOLING
  TODAY            0                         0      0        0
  MONTH TO DATE    0                         0      0        0
  SINCE MAR 1      0                         0      0        0
  SINCE JAN 1      0                         0      0        0
..................................................................


WIND (MPH)
  HIGHEST WIND SPEED    22   HIGHEST WIND DIRECTION     E (100)
  HIGHEST GUST SPEED    26   HIGHEST GUST DIRECTION     E (110)
  AVERAGE WIND SPEED    10.9


SKY COVER
  POSSIBLE SUNSHINE  MM
  AVERAGE SKY COVER 0.1


WEATHER CONDITIONS
 THE FOLLOWING WEATHER WAS RECORDED TODAY.
  NO SIGNIFICANT WEATHER WAS OBSERVED.


RELATIVE HUMIDITY (PERCENT)
 HIGHEST    83           400 AM
 LOWEST     31          1000 AM
 AVERAGE    57

..........................................................


THE DUBUQUE IA CLIMATE NORMALS FOR TOMORROW
                         NORMAL    RECORD    YEAR
 MAXIMUM TEMPERATURE (F)   60        83      1985
                                             1946
 MINIMUM TEMPERATURE (F)   39        22      1988


SUNRISE AND SUNSET
APRIL 18 2015.........SUNRISE   617 AM CDT   SUNSET   748 PM CDT
APRIL 19 2015.........SUNRISE   616 AM CDT   SUNSET   749 PM CDT


-  INDICATES NEGATIVE NUMBERS.
R  INDICATES RECORD WAS SET OR TIED.
MM INDICATES DATA IS MISSING.
T  INDICATES TRACE AMOUNT.




$$
