000
CDUS43 KILX 250634
CLIDEC


CLIMATE REPORT
NATIONAL WEATHER SERVICE LINCOLN IL
133 AM CDT SAT APR 25 2015


...................................

...THE DECATUR IL AIRPORT CLIMATE SUMMARY FOR APRIL 24 2015...

CLIMATE NORMAL PERIOD 1981 TO 2010
CLIMATE RECORD PERIOD 9999 TO 9999


WEATHER ITEM   OBSERVED TIME   RECORD YEAR NORMAL DEPARTURE LAST
                VALUE   (LST)  VALUE       VALUE  FROM      YEAR
                                                  NORMAL
..................................................................
TEMPERATURE (F)
 YESTERDAY
  MAXIMUM         62    301 PM  MM      MM  67     -5       74
  MINIMUM         31    456 AM  MM      MM  45    -14       48
  AVERAGE         47                        56     -9       61

PRECIPITATION (IN)
  YESTERDAY        T            MM      MM   0.13  -0.13     0.13
  MONTH TO DATE    1.98                      2.71  -0.73     2.97
  SINCE MAR 1      3.59                      5.35  -1.76     4.46
  SINCE JAN 1      4.84                      9.07  -4.23     5.58

DEGREE DAYS
 HEATING
  YESTERDAY       18                        10      8        4
  MONTH TO DATE  217                       329   -112      298
  SINCE MAR 1   1006                      1056    -50     1184
  SINCE JUL 1   5652                      5313    339     5996

 COOLING
  YESTERDAY        0                         1     -1        0
  MONTH TO DATE    3                         2      1        1
  SINCE MAR 1      3                         3      0        1
  SINCE JAN 1      3                         3      0        1
..................................................................


WIND (MPH)
  HIGHEST WIND SPEED    18   HIGHEST WIND DIRECTION     S (160)
  HIGHEST GUST SPEED    24   HIGHEST GUST DIRECTION    SE (150)
  AVERAGE WIND SPEED     8.8


SKY COVER
  POSSIBLE SUNSHINE  MM
  AVERAGE SKY COVER 0.6


WEATHER CONDITIONS
 THE FOLLOWING WEATHER WAS RECORDED YESTERDAY.
  LIGHT RAIN


RELATIVE HUMIDITY (PERCENT)
 HIGHEST    78           500 AM
 LOWEST     26          1000 AM
 AVERAGE    52

..........................................................


THE DECATUR IL AIRPORT CLIMATE NORMALS FOR TODAY
                         NORMAL    RECORD    YEAR
 MAXIMUM TEMPERATURE (F)   68        MM        MM
 MINIMUM TEMPERATURE (F)   45        MM        MM


SUNRISE AND SUNSET
APRIL 25 2015.........SUNRISE   604 AM CDT   SUNSET   744 PM CDT
APRIL 26 2015.........SUNRISE   603 AM CDT   SUNSET   745 PM CDT


-  INDICATES NEGATIVE NUMBERS.
R  INDICATES RECORD WAS SET OR TIED.
MM INDICATES DATA IS MISSING.
T  INDICATES TRACE AMOUNT.




$$
