000
CDUS44 KFWD 070701
CLIDFW


CLIMATE REPORT
NATIONAL WEATHER SERVICE FORT WORTH TX
200 AM CDT THU MAY 7 2015


...................................

...THE DALLAS FORT WORTH CLIMATE SUMMARY FOR MAY 6 2015...

CLIMATE NORMAL PERIOD 1981 TO 2010
CLIMATE RECORD PERIOD 1898 TO 2015


WEATHER ITEM   OBSERVED TIME   RECORD YEAR NORMAL DEPARTURE LAST
                VALUE   (LST)  VALUE       VALUE  FROM      YEAR
                                                  NORMAL
..................................................................
TEMPERATURE (F)
 YESTERDAY
  MAXIMUM         82    330 PM 100    1998  81      1       89
  MINIMUM         68    609 AM  45    1935  61      7       65
  AVERAGE         75                        71      4       77

PRECIPITATION (IN)
  YESTERDAY        0.43          2.43 1969   0.17   0.26     0.00
  MONTH TO DATE    0.57                      0.94  -0.37     0.00
  SINCE MAR 1      8.66                      7.50   1.16     3.19
  SINCE JAN 1     15.24                     12.29   2.95     3.93

DEGREE DAYS
 HEATING
  YESTERDAY        0                         1     -1        0
  MONTH TO DATE    0                         6     -6        6
  SINCE MAR 1    357                       350      7      427
  SINCE JUL 1   2393                      2282    111     2600

 COOLING
  YESTERDAY       10                         7      3       12
  MONTH TO DATE   37                        36      1       45
  SINCE MAR 1    160                       167     -7      212
  SINCE JAN 1    160                       174    -14      212
..................................................................


WIND (MPH)
  HIGHEST WIND SPEED    24   HIGHEST WIND DIRECTION     S (170)
  HIGHEST GUST SPEED    31   HIGHEST GUST DIRECTION     S (170)
  AVERAGE WIND SPEED    15.3


SKY COVER
  POSSIBLE SUNSHINE  MM
  AVERAGE SKY COVER 0.9


WEATHER CONDITIONS
 THE FOLLOWING WEATHER WAS RECORDED YESTERDAY.
  THUNDERSTORM
  HEAVY RAIN
  RAIN
  LIGHT RAIN
  FOG


RELATIVE HUMIDITY (PERCENT)
 HIGHEST    93           400 AM
 LOWEST     62           500 PM
 AVERAGE    78

..........................................................


THE DALLAS FORT WORTH CLIMATE NORMALS FOR TODAY
                         NORMAL    RECORD    YEAR
 MAXIMUM TEMPERATURE (F)   81        96      1918
 MINIMUM TEMPERATURE (F)   62        44      1917


SUNRISE AND SUNSET
MAY  7 2015...........SUNRISE   635 AM CDT   SUNSET   814 PM CDT
MAY  8 2015...........SUNRISE   635 AM CDT   SUNSET   815 PM CDT


-  INDICATES NEGATIVE NUMBERS.
R  INDICATES RECORD WAS SET OR TIED.
MM INDICATES DATA IS MISSING.
T  INDICATES TRACE AMOUNT.




$$
