000
CDUS44 KAMA 062130
CLIDHT


CLIMATE REPORT
NATIONAL WEATHER SERVICE AMARILLO TX
430 PM CDT WED MAY 6 2015


...................................

...THE DALHART CLIMATE SUMMARY FOR MAY 6 2015...
VALID TODAY AS OF 0400 PM LOCAL TIME.

CLIMATE NORMAL PERIOD 1981 TO 2010
CLIMATE RECORD PERIOD 1894 TO 2015


WEATHER ITEM   OBSERVED TIME   RECORD YEAR NORMAL DEPARTURE LAST
                VALUE   (LST)  VALUE       VALUE  FROM      YEAR
                                                  NORMAL
..................................................................
TEMPERATURE (F)
 TODAY
  MAXIMUM         79    320 PM  94    2000  75      4       90
  MINIMUM         49    243 AM  32    1953  45      4       45
  AVERAGE         64                        60      4       68

PRECIPITATION (IN)
  TODAY            0.00          1.90 1969   0.06  -0.06     0.00
  MONTH TO DATE    0.31                      0.34  -0.03     0.01
  SINCE MAR 1      1.69                      2.59  -0.90     0.21
  SINCE JAN 1      5.00                      3.51   1.49     0.30

SNOWFALL (IN)
  TODAY            0.0           1.0  1949   0.0    0.0      0.0
  MONTH TO DATE    0.0                       0.1   -0.1      0.0
  SINCE MAR 1      0.8                       5.5   -4.7      2.1
  SINCE JUL 1     34.1                      19.0   15.1     17.4
  SNOW DEPTH       0

DEGREE DAYS
 HEATING
  TODAY            1                         6     -5        0
  MONTH TO DATE    6                        39    -33       27
  SINCE MAR 1    740                       998   -258      934
  SINCE JUL 1   4033                      4641   -608     4528

 COOLING
  TODAY            0                         1     -1        3
  MONTH TO DATE   10                         6      4       21
  SINCE MAR 1     11                        12     -1       37
  SINCE JAN 1     11                        12     -1       37
..................................................................


WIND (MPH)
  RESULTANT WIND SPEED  17   RESULTANT WIND DIRECTION  SW (210)
  HIGHEST WIND SPEED    30   HIGHEST WIND DIRECTION    SW (230)
  HIGHEST GUST SPEED    36   HIGHEST GUST DIRECTION    SW (230)
  AVERAGE WIND SPEED    17.4


SKY COVER
  AVERAGE SKY COVER 0.0


WEATHER CONDITIONS
 THE FOLLOWING WEATHER WAS RECORDED TODAY.
  NO SIGNIFICANT WEATHER WAS OBSERVED.


RELATIVE HUMIDITY (PERCENT)
 HIGHEST    89          1200 AM
 LOWEST     32           300 PM
 AVERAGE    61

..........................................................


THE DALHART CLIMATE NORMALS FOR TOMORROW
                         NORMAL    RECORD    YEAR
 MAXIMUM TEMPERATURE (F)   76        93      2011
                                             1962
 MINIMUM TEMPERATURE (F)   45        34      1975


SUNRISE AND SUNSET
MAY  6 2015...........SUNRISE   653 AM CDT   SUNSET   841 PM CDT
MAY  7 2015...........SUNRISE   652 AM CDT   SUNSET   842 PM CDT


-  INDICATES NEGATIVE NUMBERS.
R  INDICATES RECORD WAS SET OR TIED.
MM INDICATES DATA IS MISSING.
T  INDICATES TRACE AMOUNT.




$$
