000
CDUS45 KTFX 050845
CLIDLN


CLIMATE REPORT
NATIONAL WEATHER SERVICE GREAT FALLS MT
244 AM MDT TUE MAY 5 2015


...................................

...THE DILLON AIRPORT MT CLIMATE SUMMARY FOR MAY 4 2015...

CLIMATE NORMAL PERIOD 1981 TO 2010
CLIMATE RECORD PERIOD 1929 TO 2015


WEATHER ITEM   OBSERVED TIME   RECORD YEAR NORMAL DEPARTURE LAST
                VALUE   (LST)  VALUE       VALUE  FROM      YEAR
                                                  NORMAL
..................................................................
TEMPERATURE (F)
 YESTERDAY
  MAXIMUM         74    419 PM  85    1966  61     13       66
  MINIMUM         37    514 AM  22    1982  34      3       40
  AVERAGE         56                        47      9       53

PRECIPITATION (IN)
  YESTERDAY        0.00          0.76 1975   0.04  -0.04     0.00
  MONTH TO DATE    0.00                      0.17  -0.17     0.00
  SINCE OCT 1      2.69                      3.69  -1.00     2.22
  SINCE JAN 1      1.53                      2.29  -0.76     1.73

SNOWFALL (IN)
  YESTERDAY       MM
  SNOW DEPTH       0

DEGREE DAYS
 HEATING
  YESTERDAY        9                               -9       12
  MONTH TO DATE   40                              -33       38
  SINCE MAR 1   1429                             -296     1634
  SINCE JUL 1   6541                            -1101     7414

 COOLING
  YESTERDAY        0                                0        0
  MONTH TO DATE    0                                0        0
  SINCE MAR 1      0                                0        0
  SINCE JAN 1      0                                0        0
..................................................................


WIND (MPH)
  HIGHEST WIND SPEED    20   HIGHEST WIND DIRECTION    SW (230)
  HIGHEST GUST SPEED    27   HIGHEST GUST DIRECTION    SW (220)
  AVERAGE WIND SPEED     7.1


SKY COVER
  AVERAGE SKY COVER 0.2


WEATHER CONDITIONS
 THE FOLLOWING WEATHER WAS RECORDED YESTERDAY.
  NO SIGNIFICANT WEATHER WAS OBSERVED.


RELATIVE HUMIDITY (PERCENT)
 HIGHEST    64
 LOWEST     11
 AVERAGE    38

..........................................................


THE DILLON AIRPORT MT CLIMATE NORMALS FOR TODAY
                         NORMAL    RECORD    YEAR
 MAXIMUM TEMPERATURE (F)   61        86      1966
 MINIMUM TEMPERATURE (F)   34        19      2010


SUNRISE AND SUNSET
MAY  5 2015...........SUNRISE   613 AM MDT   SUNSET   841 PM MDT
MAY  6 2015...........SUNRISE   612 AM MDT   SUNSET   842 PM MDT


-  INDICATES NEGATIVE NUMBERS.
R  INDICATES RECORD WAS SET OR TIED.
MM INDICATES DATA IS MISSING.
T  INDICATES TRACE AMOUNT.




$$
