000
CDUS42 KCAE 190636
CLIDNL


CLIMATE REPORT
NATIONAL WEATHER SERVICE COLUMBIA SC
236 AM EDT SUN APR 19 2015


...................................

...THE AUGUSTA DANIEL FIELD GA CLIMATE SUMMARY FOR APRIL 18 2015...

CLIMATE NORMAL PERIOD 1981 TO 2010
CLIMATE RECORD PERIOD 9999 TO 9999


WEATHER ITEM   OBSERVED TIME   NORMAL DEPARTURE LAST
                VALUE   (LST)  VALUE  FROM      YEAR
                                      NORMAL
......................................................
TEMPERATURE (F)
 YESTERDAY
  MAXIMUM         74    507 PM  76     -2       59
  MINIMUM         66    747 AM  54     12       52
  AVERAGE         70            65      5       56

PRECIPITATION (IN)
  YESTERDAY        0.49          0.08   0.41     1.63
  MONTH TO DATE    1.97          2.14  -0.17     3.81
  SINCE MAR 1      4.56          6.45  -1.89     6.49
  SINCE JAN 1      9.49         14.69  -5.20    12.78

DEGREE DAYS
 HEATING
  YESTERDAY        0             3     -3        9
  MONTH TO DATE   15            73    -58       54
  SINCE MAR 1    173           323   -150      374
  SINCE JUL 1   2028          2136   -108     2210

 COOLING
  YESTERDAY        5             3      2        0
  MONTH TO DATE  117            33     84       58
  SINCE MAR 1    160            55    105       63
  SINCE JAN 1    160            59    101       71
......................................................


WIND (MPH)
  HIGHEST WIND SPEED    10   HIGHEST WIND DIRECTION    NE (60)
  HIGHEST GUST SPEED    13   HIGHEST GUST DIRECTION    NE (60)
  AVERAGE WIND SPEED     4.1


SKY COVER
  AVERAGE SKY COVER 0.7


WEATHER CONDITIONS
 THE FOLLOWING WEATHER WAS RECORDED YESTERDAY.
  HEAVY RAIN
  RAIN
  LIGHT RAIN
  FOG


RELATIVE HUMIDITY (PERCENT)
 HIGHEST    93          1200 AM
 LOWEST     79           500 PM

..........................................................


THE AUGUSTA DANIEL FIELD GA CLIMATE NORMALS FOR TODAY
                         NORMAL    RECORD    YEAR
 MAXIMUM TEMPERATURE (F)   76        MM        MM
 MINIMUM TEMPERATURE (F)   54        MM        MM


SUNRISE AND SUNSET
APRIL 19 2015.........SUNRISE   653 AM EDT   SUNSET   802 PM EDT
APRIL 20 2015.........SUNRISE   652 AM EDT   SUNSET   803 PM EDT


-  INDICATES NEGATIVE NUMBERS.
R  INDICATES RECORD WAS SET OR TIED.
MM INDICATES DATA IS MISSING.
T  INDICATES TRACE AMOUNT.




$$
