000
CDUS43 KDTX 250549
CLIDTW


CLIMATE REPORT
NATIONAL WEATHER SERVICE DETROIT/PONTIAC MI
148 AM EDT SAT APR 25 2015


...................................

...THE DETROIT MI CLIMATE SUMMARY FOR APRIL 24 2015...

CLIMATE NORMAL PERIOD 1981 TO 2010
CLIMATE RECORD PERIOD 1874 TO 2015


WEATHER ITEM   OBSERVED TIME   RECORD YEAR NORMAL DEPARTURE LAST
                VALUE   (LST)  VALUE       VALUE  FROM      YEAR
                                                  NORMAL
..................................................................
TEMPERATURE (F)
 YESTERDAY
  MAXIMUM         60    307 PM  86    2009  63     -3       55
                                      1960
                                      1925
  MINIMUM         29    408 AM  27    1892  42    -13       40
                                      1883
                                      1875
  AVERAGE         45                        52     -7       48

PRECIPITATION (IN)
  YESTERDAY        0.00          1.57 1880   0.09  -0.09     0.00
  MONTH TO DATE    2.29                      2.31  -0.02     1.24
  SINCE MAR 1      3.09                      4.59  -1.50     2.73
  SINCE JAN 1      5.89                      8.57  -2.68     8.47

SNOWFALL (IN)
  YESTERDAY        0.0           3.1  2005   0.0    0.0      0.0
  MONTH TO DATE    T                         1.6   -1.6      3.2
  SINCE MAR 1      2.8                       8.5   -5.7     15.7
  SINCE JUL 1     47.5                      42.4    5.1     94.9
  SNOW DEPTH       0

DEGREE DAYS
 HEATING
  YESTERDAY       20                        13      7       17
  MONTH TO DATE  350                       409    -59      397
  SINCE MAR 1   1287                      1271     16     1516
  SINCE JUL 1   6398                      5824    574     6766

 COOLING
  YESTERDAY        0                         0      0        0
  MONTH TO DATE    0                         0      0        0
  SINCE MAR 1      0                         0      0        0
  SINCE JAN 1      0                         0      0        0
..................................................................


WIND (MPH)
  HIGHEST WIND SPEED    16   HIGHEST WIND DIRECTION    NW (300)
  HIGHEST GUST SPEED    23   HIGHEST GUST DIRECTION     W (280)
  AVERAGE WIND SPEED     4.7


SKY COVER
  POSSIBLE SUNSHINE  MM
  AVERAGE SKY COVER 0.2


WEATHER CONDITIONS
 THE FOLLOWING WEATHER WAS RECORDED YESTERDAY.
  NO SIGNIFICANT WEATHER WAS OBSERVED.


RELATIVE HUMIDITY (PERCENT)
 HIGHEST    72           200 AM
 LOWEST     19           400 PM
 AVERAGE    46

..........................................................


THE DETROIT MI CLIMATE NORMALS FOR TODAY
                         NORMAL    RECORD    YEAR
 MAXIMUM TEMPERATURE (F)   63        87      1994
                                             1990
                                             1915
 MINIMUM TEMPERATURE (F)   43        26      1892


SUNRISE AND SUNSET
APRIL 25 2015.........SUNRISE   638 AM EDT   SUNSET   826 PM EDT
APRIL 26 2015.........SUNRISE   636 AM EDT   SUNSET   827 PM EDT


-  INDICATES NEGATIVE NUMBERS.
R  INDICATES RECORD WAS SET OR TIED.
MM INDICATES DATA IS MISSING.
T  INDICATES TRACE AMOUNT.




$$
