000
CDUS43 KMPX 270627
CLIEAU


CLIMATE REPORT
NATIONAL WEATHER SERVICE CHANHASSEN MN
127 AM CDT MON APR 27 2015


...................................

...THE EAU CLAIRE WI CLIMATE SUMMARY FOR APRIL 26 2015...

CLIMATE NORMAL PERIOD 1981 TO 2010
CLIMATE RECORD PERIOD 1893 TO 2015


WEATHER ITEM   OBSERVED TIME   RECORD YEAR NORMAL DEPARTURE LAST
                VALUE   (LST)  VALUE       VALUE  FROM      YEAR
                                                  NORMAL
..................................................................
TEMPERATURE (F)
 YESTERDAY
  MAXIMUM         64    438 PM  87    1962  63      1       57
  MINIMUM         29    508 AM  22    1919  39    -10       32
                                      1907
  AVERAGE         47                        51     -4       45

PRECIPITATION (IN)
  YESTERDAY        0.00          1.89 1902   0.11  -0.11     0.01
  MONTH TO DATE    2.76                      2.32   0.44     3.80
  SINCE MAR 1      3.47                      4.05  -0.58     4.53
  SINCE JAN 1      4.06                      5.75  -1.69     7.73

SNOWFALL (IN)
  YESTERDAY        0.0           1.8  1988   0.0    0.0      0.0
  MONTH TO DATE    1.4                       1.8   -0.4      9.1
  SINCE MAR 1      7.3                      10.4   -3.1     13.1
  SINCE JUL 1     38.1                      46.7   -8.6     74.8
  SNOW DEPTH       0

DEGREE DAYS
 HEATING
  YESTERDAY       18                        14      4       20
  MONTH TO DATE  470                       522    -52      612
  SINCE MAR 1   1460                      1566   -106     1896
  SINCE JUL 1   7813                      7587    226     8788

 COOLING
  YESTERDAY        0                         0      0        0
  MONTH TO DATE    0                         0      0        0
  SINCE MAR 1      0                         0      0        0
  SINCE JAN 1      0                         0      0        0
..................................................................


WIND (MPH)
  HIGHEST WIND SPEED    15   HIGHEST WIND DIRECTION    NE (40)
  HIGHEST GUST SPEED    20   HIGHEST GUST DIRECTION     N (350)
  AVERAGE WIND SPEED     6.6


SKY COVER
  POSSIBLE SUNSHINE  MM
  AVERAGE SKY COVER 0.0


WEATHER CONDITIONS
 THE FOLLOWING WEATHER WAS RECORDED YESTERDAY.
  NO SIGNIFICANT WEATHER WAS OBSERVED.


RELATIVE HUMIDITY (PERCENT)
 HIGHEST    85           500 AM
 LOWEST     20           200 PM
 AVERAGE    53

..........................................................


THE EAU CLAIRE WI CLIMATE NORMALS FOR TODAY
                         NORMAL    RECORD    YEAR
 MAXIMUM TEMPERATURE (F)   64        87      1970
 MINIMUM TEMPERATURE (F)   39        23      1996


SUNRISE AND SUNSET
APRIL 27 2015.........SUNRISE   602 AM CDT   SUNSET   806 PM CDT
APRIL 28 2015.........SUNRISE   600 AM CDT   SUNSET   807 PM CDT


-  INDICATES NEGATIVE NUMBERS.
R  INDICATES RECORD WAS SET OR TIED.
MM INDICATES DATA IS MISSING.
T  INDICATES TRACE AMOUNT.




$$
