000
CDUS41 KRLX 192124
CLIEKN


CLIMATE REPORT
NATIONAL WEATHER SERVICE CHARLESTON WV
518 PM EDT SUN APR 19 2015


...................................

...THE ELKINS WV CLIMATE SUMMARY FOR APRIL 19 2015...
VALID TODAY AS OF 0500 PM LOCAL TIME.

CLIMATE NORMAL PERIOD 1981 TO 2010
CLIMATE RECORD PERIOD 1899 TO 2015


WEATHER ITEM   OBSERVED TIME   RECORD YEAR NORMAL DEPARTURE LAST
                VALUE   (LST)  VALUE       VALUE  FROM      YEAR
                                                  NORMAL
..................................................................
TEMPERATURE (F)
 TODAY
  MAXIMUM         67    949 AM  85    1976  64      3       67
  MINIMUM         43    354 AM  20    1990  38      5       36
  AVERAGE         55                        51      4       52

PRECIPITATION (IN)
  TODAY            0.13          1.50 1998   0.12   0.01     0.00
  MONTH TO DATE    5.00                      2.37   2.63     0.51
  SINCE MAR 1     12.37                      6.33   6.04     3.70
  SINCE JAN 1     18.09                     12.66   5.43     9.96

DEGREE DAYS
 HEATING
  TODAY           10                        14     -4       13
  MONTH TO DATE  212                       324   -112      258
  SINCE MAR 1   1013                      1104    -91     1155
  SINCE JUL 1   5644                      5425    219     5678

 COOLING
  TODAY            0                         0      0        0
  MONTH TO DATE    3                         0      3        2
  SINCE MAR 1      3                         0      3        2
  SINCE JAN 1      3                         0      3        2
..................................................................


WIND (MPH)
  HIGHEST WIND SPEED    23   HIGHEST WIND DIRECTION    SE (140)
  HIGHEST GUST SPEED    34   HIGHEST GUST DIRECTION    SE (140)
  AVERAGE WIND SPEED     5.7


SKY COVER
  POSSIBLE SUNSHINE  MM
  AVERAGE SKY COVER 0.3


WEATHER CONDITIONS
 THE FOLLOWING WEATHER WAS RECORDED TODAY.
  RAIN
  LIGHT RAIN


RELATIVE HUMIDITY (PERCENT)
 HIGHEST    96           400 AM
 LOWEST     42          1000 AM
 AVERAGE    69

..........................................................


THE ELKINS WV CLIMATE NORMALS FOR TOMORROW
                         NORMAL    RECORD    YEAR
 MAXIMUM TEMPERATURE (F)   65        88      1941
 MINIMUM TEMPERATURE (F)   38        14      1926


SUNRISE AND SUNSET
APRIL 19 2015.........SUNRISE   638 AM EDT   SUNSET   800 PM EDT
APRIL 20 2015.........SUNRISE   636 AM EDT   SUNSET   801 PM EDT


-  INDICATES NEGATIVE NUMBERS.
R  INDICATES RECORD WAS SET OR TIED.
MM INDICATES DATA IS MISSING.
T  INDICATES TRACE AMOUNT.




$$
