000
CDUS45 KLKN 030935
CLIEKO


CLIMATE REPORT
NATIONAL WEATHER SERVICE ELKO NV
235 AM PDT SUN MAY 3 2015


...................................

...THE ELKO AIRPORT NV CLIMATE SUMMARY FOR MAY 2 2015...

CLIMATE NORMAL PERIOD 1981 TO 2010
CLIMATE RECORD PERIOD 1888 TO 2015


WEATHER ITEM   OBSERVED TIME   RECORD YEAR NORMAL DEPARTURE LAST
                VALUE   (LST)  VALUE       VALUE  FROM      YEAR
                                                  NORMAL
..................................................................
TEMPERATURE (F)
 YESTERDAY
  MAXIMUM         81    132 PM  89    1947  65     16       80
  MINIMUM         43    241 AM   8    1913  34      9       36
  AVERAGE         62                        50     12       58

PRECIPITATION (IN)
  YESTERDAY        0.00          1.05 1904   0.04  -0.04     0.00
  MONTH TO DATE    0.00                      0.07  -0.07     0.00
  SINCE OCT 1      3.62                      7.06  -3.44     6.24
  SINCE JAN 1      1.38                      4.00  -2.62     4.63

SNOWFALL (IN)
  YESTERDAY        0.0           0.7  1964   0.1   -0.1      0.0
  MONTH TO DATE    0.0                       0.1   -0.1      0.0
  SINCE MAR 1      2.9                       8.4   -5.5      7.9
  SINCE JUL 1     12.3                      40.9  -28.6     20.2
  SNOW DEPTH       0

DEGREE DAYS
 HEATING
  YESTERDAY        3                        16    -13        7
  MONTH TO DATE   10                        32    -22       20
  SINCE MAR 1   1218                      1435   -217     1364
  SINCE JUL 1   5226                      6603  -1377     6095

 COOLING
  YESTERDAY        0                         0      0        0
  MONTH TO DATE    0                         0      0        0
  SINCE MAR 1      0                         0      0        0
  SINCE JAN 1      0                         0      0        0
..................................................................


WIND (MPH)
  HIGHEST WIND SPEED    36   HIGHEST WIND DIRECTION     W (270)
  HIGHEST GUST SPEED    44   HIGHEST GUST DIRECTION     W (260)
  AVERAGE WIND SPEED     8.1



WEATHER CONDITIONS
 THE FOLLOWING WEATHER WAS RECORDED YESTERDAY.
  THUNDERSTORM


RELATIVE HUMIDITY (PERCENT)
 HIGHEST    53           300 AM
 LOWEST     13           200 PM
 AVERAGE    33

..........................................................


THE ELKO AIRPORT NV CLIMATE NORMALS FOR TODAY
                         NORMAL    RECORD    YEAR
 MAXIMUM TEMPERATURE (F)   65        87      1947
 MINIMUM TEMPERATURE (F)   35        11      1964


SUNRISE AND SUNSET
MAY  3 2015...........SUNRISE   539 AM PDT   SUNSET   741 PM PDT
MAY  4 2015...........SUNRISE   538 AM PDT   SUNSET   742 PM PDT


-  INDICATES NEGATIVE NUMBERS.
R  INDICATES RECORD WAS SET OR TIED.
MM INDICATES DATA IS MISSING.
T  INDICATES TRACE AMOUNT.




$$
