000
CDUS45 KLKN 030935
CLIELY


CLIMATE REPORT
NATIONAL WEATHER SERVICE ELKO NV
235 AM PDT SUN MAY 3 2015


...................................

...THE ELY AIRPORT NV CLIMATE SUMMARY FOR MAY 2 2015...

CLIMATE NORMAL PERIOD 1981 TO 2010
CLIMATE RECORD PERIOD 1893 TO 2015


WEATHER ITEM   OBSERVED TIME   RECORD YEAR NORMAL DEPARTURE LAST
                VALUE   (LST)  VALUE       VALUE  FROM      YEAR
                                                  NORMAL
..................................................................
TEMPERATURE (F)
 YESTERDAY
  MAXIMUM         76    314 PM  83    1947  63     13       77
  MINIMUM         40    521 AM  11    1953  31      9       30
  AVERAGE         58                        47     11       54

PRECIPITATION (IN)
  YESTERDAY        0.00          0.47 1991   0.03  -0.03     0.00
  MONTH TO DATE    T                         0.07  -0.07     0.00
  SINCE OCT 1      2.72                      5.69  -2.97     5.89
  SINCE JAN 1      1.55                      3.40  -1.85     3.21

SNOWFALL (IN)
  YESTERDAY        0.0           3.0  1991   0.2   -0.2      0.0
  MONTH TO DATE    0.0                       0.3   -0.3      0.0
  SINCE MAR 1      8.7                      13.8   -5.1     11.0
  SINCE JUL 1     19.7                      48.7  -29.0     50.1
  SNOW DEPTH       0

DEGREE DAYS
 HEATING
  YESTERDAY        7                        18    -11       11
  MONTH TO DATE   15                        36    -21       28
  SINCE MAR 1   1370                      1602   -232     1491
  SINCE JUL 1   5614                      6939  -1325     6510

 COOLING
  YESTERDAY        0                         0      0        0
  MONTH TO DATE    0                         0      0        0
  SINCE MAR 1      0                         0      0        0
  SINCE JAN 1      0                         0      0        0
..................................................................


WIND (MPH)
  HIGHEST WIND SPEED    28   HIGHEST WIND DIRECTION     S (190)
  HIGHEST GUST SPEED    35   HIGHEST GUST DIRECTION     S (200)
  AVERAGE WIND SPEED    12.2



WEATHER CONDITIONS
 THE FOLLOWING WEATHER WAS RECORDED YESTERDAY.
  HAZE


RELATIVE HUMIDITY (PERCENT)
 HIGHEST    58          1200 AM
 LOWEST     11           200 PM
 AVERAGE    35

..........................................................


THE ELY AIRPORT NV CLIMATE NORMALS FOR TODAY
                         NORMAL    RECORD    YEAR
 MAXIMUM TEMPERATURE (F)   63        82      1947
 MINIMUM TEMPERATURE (F)   31        17      1950


SUNRISE AND SUNSET
MAY  3 2015...........SUNRISE   539 AM PDT   SUNSET   734 PM PDT
MAY  4 2015...........SUNRISE   537 AM PDT   SUNSET   735 PM PDT


-  INDICATES NEGATIVE NUMBERS.
R  INDICATES RECORD WAS SET OR TIED.
MM INDICATES DATA IS MISSING.
T  INDICATES TRACE AMOUNT.




$$
