000
CDUS46 KOTX 060830
CLIEPH


CLIMATE REPORT
NATIONAL WEATHER SERVICE SPOKANE, WA
130 AM PDT WED MAY 6 2015


...................................

...THE EPHRATA WA AIRPORT CLIMATE SUMMARY FOR MAY 5 2015...

CLIMATE NORMAL PERIOD 1981 TO 2010
CLIMATE RECORD PERIOD 9999 TO 9999


WEATHER ITEM   OBSERVED TIME   RECORD YEAR NORMAL DEPARTURE LAST
                VALUE   (LST)  VALUE       VALUE  FROM      YEAR
                                                  NORMAL
..................................................................
TEMPERATURE (F)
 YESTERDAY
  MAXIMUM         67    351 PM  96    1966  69     -2       67
  MINIMUM         37    421 AM  30    2010  43     -6       37
  AVERAGE         52                        56     -4       52

PRECIPITATION (IN)
  YESTERDAY        0.00          0.25 1963   0.01  -0.01      T
  MONTH TO DATE    0.00                      0.07  -0.07      T
  SINCE OCT 1      5.67                      5.71  -0.04     3.46
  SINCE JAN 1      2.88                      2.88   0.00     2.71

SNOWFALL (IN)
  YESTERDAY       MM

DEGREE DAYS
 HEATING
  YESTERDAY       13                        10      3       13
  MONTH TO DATE   28                        52    -24       27
  SINCE MAR 1    937                      1176   -239     1068
  SINCE JUL 1   4631                      5749  -1118     5650

 COOLING
  YESTERDAY        0                         1     -1        0
  MONTH TO DATE    0                         2     -2        2
  SINCE MAR 1      0                         4     -4        2
  SINCE JAN 1      0                         4     -4        2
..................................................................


WIND (MPH)
  HIGHEST WIND SPEED    25   HIGHEST WIND DIRECTION    SW (230)
  HIGHEST GUST SPEED    36   HIGHEST GUST DIRECTION    SW (220)
  AVERAGE WIND SPEED    11.4


SKY COVER
  POSSIBLE SUNSHINE  MM
  AVERAGE SKY COVER 0.1


WEATHER CONDITIONS
 THE FOLLOWING WEATHER WAS RECORDED YESTERDAY.
  HAZE


RELATIVE HUMIDITY (PERCENT)
 HIGHEST    76           400 AM
 LOWEST     15           400 PM
 AVERAGE    46

..........................................................


THE EPHRATA WA AIRPORT CLIMATE NORMALS FOR TODAY
                         NORMAL    RECORD    YEAR
 MAXIMUM TEMPERATURE (F)   69        92      1992
 MINIMUM TEMPERATURE (F)   43        30      2002


SUNRISE AND SUNSET
MAY  6 2015...........SUNRISE   534 AM PDT   SUNSET   816 PM PDT
MAY  7 2015...........SUNRISE   533 AM PDT   SUNSET   817 PM PDT


-  INDICATES NEGATIVE NUMBERS.
R  INDICATES RECORD WAS SET OR TIED.
MM INDICATES DATA IS MISSING.
T  INDICATES TRACE AMOUNT.




$$
