000
CDUS46 KPQR 281143
CLIEUG


CLIMATE REPORT
NATIONAL WEATHER SERVICE PORTLAND OREGON
442 AM PDT TUE APR 28 2015


...................................

...THE EUGENE OR CLIMATE SUMMARY FOR APRIL 27 2015...

CLIMATE NORMAL PERIOD 1981 TO 2010
CLIMATE RECORD PERIOD 1892 TO 2015


WEATHER ITEM   OBSERVED TIME   RECORD YEAR NORMAL DEPARTURE LAST
                VALUE   (LST)  VALUE       VALUE  FROM      YEAR
                                                  NORMAL
..................................................................
TEMPERATURE (F)
 YESTERDAY
  MAXIMUM         77    436 PM  88    1926  63     14       57
  MINIMUM         46   1248 AM  30    1948  41      5       42
  AVERAGE         62                        52     10       50

PRECIPITATION (IN)
  YESTERDAY        0.00          1.32 1962   0.09  -0.09     0.17
  MONTH TO DATE    1.47                      3.08  -1.61     2.42
  SINCE OCT 1     28.24                     39.17 -10.93    23.69
  SINCE JAN 1     11.19                     20.37  -9.18    19.50

SNOWFALL (IN)
  YESTERDAY        0.0
  MONTH TO DATE    0.0
  SINCE MAR 1      0.0
  SINCE JUL 1      0.0

DEGREE DAYS
 HEATING
  YESTERDAY        3                        13    -10       15
  MONTH TO DATE  414                       407      7      353
  SINCE MAR 1    846                       976   -130      838
  SINCE JUL 1   3408                      4303   -895     4405

 COOLING
  YESTERDAY        0                         0      0        0
  MONTH TO DATE    0                         0      0        0
  SINCE MAR 1      0                         0      0        0
  SINCE JAN 1      0                         0      0        0
..................................................................


WIND (MPH)
  HIGHEST WIND SPEED    15   HIGHEST WIND DIRECTION     W (250)
  HIGHEST GUST SPEED    19   HIGHEST GUST DIRECTION     W (250)
  AVERAGE WIND SPEED     4.6


SKY COVER
  POSSIBLE SUNSHINE  MM
  AVERAGE SKY COVER 0.8


WEATHER CONDITIONS
 THE FOLLOWING WEATHER WAS RECORDED YESTERDAY.
  FOG
  FOG W/VISIBILITY <= 1/4 MILE
  HAZE


RELATIVE HUMIDITY (PERCENT)
 HIGHEST    96           200 AM
 LOWEST     57           300 PM
 AVERAGE    77

..........................................................


THE EUGENE OR CLIMATE NORMALS FOR TODAY
                         NORMAL    RECORD    YEAR
 MAXIMUM TEMPERATURE (F)   63        89      1926
 MINIMUM TEMPERATURE (F)   41        30      1967


SUNRISE AND SUNSET
APRIL 28 2015.........SUNRISE   609 AM PDT   SUNSET   813 PM PDT
APRIL 29 2015.........SUNRISE   607 AM PDT   SUNSET   814 PM PDT


-  INDICATES NEGATIVE NUMBERS.
R  INDICATES RECORD WAS SET OR TIED.
MM INDICATES DATA IS MISSING.
T  INDICATES TRACE AMOUNT.




$$
