000
CDUS43 KPAH 250636
CLIEVV


CLIMATE REPORT
NATIONAL WEATHER SERVICE PADUCAH KY
133 AM CDT SAT APR 25 2015


...................................

...THE EVANSVILLE IN CLIMATE SUMMARY FOR APRIL 24 2015...

CLIMATE NORMAL PERIOD 1981 TO 2010
CLIMATE RECORD PERIOD 1896 TO 2015


WEATHER ITEM   OBSERVED TIME   RECORD YEAR NORMAL DEPARTURE LAST
                VALUE   (LST)  VALUE       VALUE  FROM      YEAR
                                                  NORMAL
..................................................................
TEMPERATURE (F)
 YESTERDAY
  MAXIMUM         63    457 PM  89    1925  71     -8       77
  MINIMUM         36    527 AM  30    1963  47    -11       50
                                      1910
  AVERAGE         50                        59     -9       64

PRECIPITATION (IN)
  YESTERDAY        0.00          1.95 1975   0.16  -0.16     0.09
  MONTH TO DATE    6.26                      3.40   2.86     8.14
  SINCE MAR 1     13.11                      7.64   5.47    10.99
  SINCE JAN 1     18.64                     13.91   4.73    14.94

SNOWFALL (IN)
  YESTERDAY        0.0           0.0  2002   0.0    0.0      0.0
                                      2001
  MONTH TO DATE    0.0                       0.1   -0.1      0.0
  SINCE MAR 1      8.5                       1.1    7.4      2.6
  SINCE JUL 1     18.5                      11.8    6.7     12.6
  SNOW DEPTH       0

DEGREE DAYS
 HEATING
  YESTERDAY       15                         7      8        1
  MONTH TO DATE  150                       252   -102      196
  SINCE MAR 1    769                       844    -75      909
  SINCE JUL 1   4605                      4418    187     4871

 COOLING
  YESTERDAY        0                         1     -1        0
  MONTH TO DATE   28                        16     12        5
  SINCE MAR 1     28                        19      9        5
  SINCE JAN 1     28                        19      9        5
..................................................................


WIND (MPH)
  HIGHEST WIND SPEED    21   HIGHEST WIND DIRECTION     S (190)
  HIGHEST GUST SPEED    26   HIGHEST GUST DIRECTION     S (200)
  AVERAGE WIND SPEED     6.1


SKY COVER
  AVERAGE SKY COVER 0.4


WEATHER CONDITIONS
 THE FOLLOWING WEATHER WAS RECORDED YESTERDAY.
  HAZE


RELATIVE HUMIDITY (PERCENT)
 HIGHEST    85
 LOWEST     25
 AVERAGE    55

..........................................................


THE EVANSVILLE IN CLIMATE NORMALS FOR TODAY
                         NORMAL    RECORD    YEAR
 MAXIMUM TEMPERATURE (F)   71        89      1915
 MINIMUM TEMPERATURE (F)   48        33      1983
                                             1919


SUNRISE AND SUNSET
APRIL 25 2015.........SUNRISE   602 AM CDT   SUNSET   735 PM CDT
APRIL 26 2015.........SUNRISE   600 AM CDT   SUNSET   736 PM CDT


-  INDICATES NEGATIVE NUMBERS.
R  INDICATES RECORD WAS SET OR TIED.
MM INDICATES DATA IS MISSING.
T  INDICATES TRACE AMOUNT.




$$
