000
CDUS43 KIND 270531
CLIEYE


CLIMATE REPORT
NATIONAL WEATHER SERVICE INDIANAPOLIS IN
131 AM EDT MON APR 27 2015


...................................

...THE INDIANAPOLIS EAGLE CREEK IN CLIMATE SUMMARY FOR APRIL 26 2015...

CLIMATE NORMAL PERIOD 1981 TO 2010
CLIMATE RECORD PERIOD 9999 TO 9999


WEATHER ITEM   OBSERVED TIME   NORMAL DEPARTURE LAST
                VALUE   (LST)  VALUE  FROM      YEAR
                                      NORMAL
......................................................
TEMPERATURE (F)
 YESTERDAY
  MAXIMUM         57    454 PM  66     -9       77
  MINIMUM         38    609 AM  47     -9       53
  AVERAGE         48            56     -8       65

PRECIPITATION (IN)
  YESTERDAY        0.00          0.16  -0.16     0.00
  MONTH TO DATE    5.06          3.18   1.88     5.45
  SINCE MAR 1      8.13          6.48   1.65     6.43
  SINCE JAN 1     10.61         10.82  -0.21    10.81

DEGREE DAYS
 HEATING
  YESTERDAY       17             9      8        0
  MONTH TO DATE  277           336    -59      328
  SINCE MAR 1   1094          1036     58     1225
  SINCE JUL 1   5780          5161    619     6051

 COOLING
  YESTERDAY        0             1     -1        0
  MONTH TO DATE    4            16    -12        5
  SINCE MAR 1      4            17    -13        5
  SINCE JAN 1      4            17    -13        5
......................................................


WIND (MPH)
  HIGHEST WIND SPEED    18   HIGHEST WIND DIRECTION     N (340)
  HIGHEST GUST SPEED    23   HIGHEST GUST DIRECTION     N (360)
  AVERAGE WIND SPEED    10.5


SKY COVER
  AVERAGE SKY COVER 0.4


WEATHER CONDITIONS
 THE FOLLOWING WEATHER WAS RECORDED YESTERDAY.
  NO SIGNIFICANT WEATHER WAS OBSERVED.


RELATIVE HUMIDITY (PERCENT)
 HIGHEST    76          1200 AM
 LOWEST     41           700 PM
 AVERAGE    59

..........................................................


THE INDIANAPOLIS EAGLE CREEK IN CLIMATE NORMALS FOR TODAY
                         NORMAL
 MAXIMUM TEMPERATURE (F)   67
 MINIMUM TEMPERATURE (F)   47


SUNRISE AND SUNSET
APRIL 27 2015.........SUNRISE   651 AM EDT   SUNSET   835 PM EDT
APRIL 28 2015.........SUNRISE   650 AM EDT   SUNSET   836 PM EDT


-  INDICATES NEGATIVE NUMBERS.
R  INDICATES RECORD WAS SET OR TIED.
MM INDICATES DATA IS MISSING.
T  INDICATES TRACE AMOUNT.




$$
