000
CDAK49 PAFG 050035
CLIFAI

CLIMATE REPORT
NATIONAL WEATHER SERVICE FAIRBANKS AK
435 PM AKDT MON MAY 4 2015

...................................

...THE FAIRBANKS AK CLIMATE SUMMARY FOR MAY 4 2015...
VALID TODAY AS OF 0400 PM LOCAL TIME.

CLIMATE NORMAL PERIOD 1981 TO 2010
CLIMATE RECORD PERIOD 1904 TO 2015


WEATHER ITEM   OBSERVED TIME   RECORD YEAR NORMAL DEPARTURE LAST
                VALUE   (LST)  VALUE       VALUE  FROM      YEAR
                                                  NORMAL
..................................................................
TEMPERATURE (F)
 TODAY
  MAXIMUM         61    259 PM  69    1907  56      5       66
  MINIMUM         37    544 AM   9    1945  33      4       41
  AVERAGE         49                        44      5       54

PRECIPITATION (IN)
  TODAY            0.00          0.37 1984   0.01  -0.01      T
  MONTH TO DATE    0.00                      0.06  -0.06      T
  SINCE MAR 1      0.65                      0.62   0.03     0.41
  SINCE JAN 1      1.28                      1.62  -0.34     1.03

SNOWFALL (IN)
  TODAY            0.0           3.2  2001   0.0    0.0      0.0
  MONTH TO DATE    0.0                       0.2   -0.2      0.0
  SINCE MAR 1     10.2                       8.0    2.2      6.0
  SINCE JUL 1     43.8                      64.3  -20.5     48.9
  SNOW DEPTH       0

DEGREE DAYS
 HEATING
  TODAY           16                        21     -5       11
  MONTH TO DATE   79                        86     -7       40
  SINCE MAR 1   2447                      2720   -273     2541
  SINCE JUL 1  11914                     13110  -1196    11933

 COOLING
  TODAY            0                         0      0        0
  MONTH TO DATE    0                         0      0        0
  SINCE MAR 1      0                         0      0        0
  SINCE JAN 1      0                         0      0        0
..................................................................


WIND (MPH)
  HIGHEST GUST SPEED    15   HIGHEST GUST DIRECTION     E (100)


SKY COVER
  AVERAGE SKY COVER 0.6


WEATHER CONDITIONS
 THE FOLLOWING WEATHER WAS RECORDED TODAY.
  NO SIGNIFICANT WEATHER WAS OBSERVED.


RELATIVE HUMIDITY (PERCENT)
 HIGHEST    48
 LOWEST     17
 AVERAGE    33

..........................................................


THE FAIRBANKS AK CLIMATE NORMALS FOR TOMORROW
                         NORMAL    RECORD    YEAR
 MAXIMUM TEMPERATURE (F)   56        70      1960
 MINIMUM TEMPERATURE (F)   33        11      1945


SUNRISE AND SUNSET
MAY 04 2015..........SUNRISE  508 AM AKDT   SUNSET  1032 PM AKDT
MAY 05 2015..........SUNRISE  505 AM AKDT   SUNSET  1035 PM AKDT


-  INDICATES NEGATIVE NUMBERS.
R  INDICATES RECORD WAS SET OR TIED.
MM INDICATES DATA IS MISSING.
T  INDICATES TRACE AMOUNT.

&&

SNOW DEPTH IS MEASURED AT 3AM AKST/4AM AKDT

----------------------------
AVAILABLE DAYLIGHT

AMOUNT OF DAYLIGHT TODAY  (HOUR:MIN)........17:24
GAIN SINCE YESTERDAY........................7 MINUTES
----------------------------

$$
APW MAY 15
