000
CDUS42 KRAH 070044
CLIFAY


CLIMATE REPORT
NATIONAL WEATHER SERVICE RALEIGH NC
842 PM EDT WED MAY 6 2015


...................................

...THE FAYETTEVILLE REGL AIRPORT NC CLIMATE SUMMARY FOR MAY 6 2015...
VALID AS OF 0830 PM LOCAL TIME.

CLIMATE NORMAL PERIOD 1981 TO 2010
CLIMATE RECORD PERIOD 1910 TO 2015


WEATHER ITEM   OBSERVED TIME   RECORD YEAR NORMAL DEPARTURE LAST
                VALUE   (LST)  VALUE       VALUE  FROM      YEAR
                                                  NORMAL
..................................................................
TEMPERATURE (F)
 TODAY
  MAXIMUM         82    314 PM 100    1938  80      2       90
  MINIMUM         53    605 AM  40    1973  56     -3       56
  AVERAGE         68                        68      0       73

PRECIPITATION (IN)
  TODAY            0.00          1.95 1933   0.08  -0.08     0.00
  MONTH TO DATE    0.13                      0.40  -0.27      T
  SINCE MAR 1      5.49                      6.77  -1.28     7.62
  SINCE JAN 1     13.14                     12.83   0.31    14.34

DEGREE DAYS
 HEATING
  TODAY            0                         2     -2        0
  MONTH TO DATE   10                        12     -2        2
  SINCE MAR 1    446                       494    -48      606
  SINCE JUL 1   2942                      2719    223     2931

 COOLING
  TODAY            3                         4     -1        8
  MONTH TO DATE    9                        24    -15       30
  SINCE MAR 1    101                       103     -2      108
  SINCE JAN 1    101                       107     -6      111
..................................................................


WIND (MPH)
  RESULTANT WIND SPEED   4   RESULTANT WIND DIRECTION   E (70)
  HIGHEST WIND SPEED    17   HIGHEST WIND DIRECTION     E (110)
  HIGHEST GUST SPEED    24   HIGHEST GUST DIRECTION    NE (50)
  AVERAGE WIND SPEED     4.8


SKY COVER
  POSSIBLE SUNSHINE  MM
  AVERAGE SKY COVER 0.0


WEATHER CONDITIONS
 THE FOLLOWING WEATHER WAS RECORDED TODAY.
  NO SIGNIFICANT WEATHER WAS OBSERVED.


RELATIVE HUMIDITY (PERCENT)
 HIGHEST    93           400 AM
 LOWEST     33           400 PM
 AVERAGE    63

..........................................................




SUNRISE AND SUNSET
MAY  6 2015...........SUNRISE   620 AM EDT   SUNSET   805 PM EDT
MAY  7 2015...........SUNRISE   619 AM EDT   SUNSET   806 PM EDT


-  INDICATES NEGATIVE NUMBERS.
R  INDICATES RECORD WAS SET OR TIED.
MM INDICATES DATA IS MISSING.
T  INDICATES TRACE AMOUNT.




$$
