000
CDUS44 KTSA 192120
CLIFSM

CLIMATE REPORT
NATIONAL WEATHER SERVICE TULSA OK
418 PM CDT SUN APR 19 2015


...................................

...THE FORT SMITH ARKANSAS CLIMATE SUMMARY FOR APRIL 19 2015...
VALID TODAY AS OF 0400 PM LOCAL TIME.

CLIMATE NORMAL PERIOD 1981 TO 2010
CLIMATE RECORD PERIOD 1882 TO 2015


WEATHER ITEM   OBSERVED TIME   RECORD YEAR NORMAL DEPARTURE LAST
                VALUE   (LST)  VALUE       VALUE  FROM      YEAR
                                                  NORMAL
..................................................................
TEMPERATURE (F)
 TODAY
  MAXIMUM         77    157 PM  95    1987  75      2       81
  MINIMUM         58    603 AM  33    1953  51      7       50
  AVERAGE         68                        63      5       66

PRECIPITATION (IN)
  TODAY            0.04          2.00 1986   0.14  -0.10     0.00
  MONTH TO DATE    3.39                      2.57   0.82     2.01
  SINCE MAR 1      7.89                      6.42   1.47     5.86
  SINCE JAN 1     12.50                     11.99   0.51     7.63

SNOWFALL (IN)
  TODAY            0.0                                       0.0
  MONTH TO DATE    0.0                                       0.0
  SINCE MAR 1      1.0                                       0.5
  SINCE JUL 1      6.6                                      10.7

DEGREE DAYS
 HEATING
  TODAY            0                         4     -4        0
  MONTH TO DATE   44                       120    -76      124
  SINCE MAR 1    435                       506    -71      583
  SINCE JUL 1   3249                      3179     70     3528

 COOLING
  TODAY            3                         2      1        1
  MONTH TO DATE   47                        28     19       29
  SINCE MAR 1     62                        39     23       29
  SINCE JAN 1     62                        40     22       29
..................................................................


WIND (MPH)
  HIGHEST WIND SPEED    14   HIGHEST WIND DIRECTION     W (280)
  HIGHEST GUST SPEED    19   HIGHEST GUST DIRECTION     W (270)
  AVERAGE WIND SPEED     5.5


SKY COVER
  POSSIBLE SUNSHINE  MM
  AVERAGE SKY COVER 0.3


WEATHER CONDITIONS
 THE FOLLOWING WEATHER WAS RECORDED TODAY.
  RAIN
  LIGHT RAIN


RELATIVE HUMIDITY (PERCENT)
 HIGHEST    93           100 AM
 LOWEST     43           200 PM
 AVERAGE    68

..........................................................


THE FORT SMITH ARKANSAS CLIMATE NORMALS FOR TOMORROW
                         NORMAL    RECORD    YEAR
 MAXIMUM TEMPERATURE (F)   75        94      1987
 MINIMUM TEMPERATURE (F)   51        35      1978
                                             1953


SUNRISE AND SUNSET
APRIL 19 2015.........SUNRISE   640 AM CDT   SUNSET   753 PM CDT
APRIL 20 2015.........SUNRISE   639 AM CDT   SUNSET   754 PM CDT


-  INDICATES NEGATIVE NUMBERS.
R  INDICATES RECORD WAS SET OR TIED.
MM INDICATES DATA IS MISSING.
T  INDICATES TRACE AMOUNT.




$$

&&
...........................................................

THE ARKANSAS RIVER AT VAN BUREN

                   OBSERVED      24 HOUR     24 HOUR
                    VALUE        CHANGE      FORECAST

 STAGE (FEET)
  THIS AFTERNOON     19.4         +0.1

MEAN FLOW (CFS)
  TODAY                                        55300
...........................................................
ALL DATA MEASURED AT THE FORT SMITH REGIONAL AIRPORT
