000
CDUS41 KCAR 270550
CLIFVE


CLIMATE REPORT
NATIONAL WEATHER SERVICE CARIBOU, ME
149 AM EDT MON APR 27 2015


...................................

...THE FRENCHVILLE ME CLIMATE SUMMARY FOR APRIL 26 2015...

CLIMATE NORMAL PERIOD 1981 TO 2010
CLIMATE RECORD PERIOD 9999 TO 9999


WEATHER ITEM   OBSERVED TIME   RECORD YEAR NORMAL DEPARTURE LAST
                VALUE   (LST)  VALUE       VALUE  FROM      YEAR
                                                  NORMAL
..................................................................
TEMPERATURE (F)
 YESTERDAY
  MAXIMUM         47    245 PM              51     -4
  MINIMUM         35   1149 PM              34      1
  AVERAGE         41                        42     -1

PRECIPITATION (IN)
  YESTERDAY        0.12         MM      MM   0.09   0.03     0.00
  MONTH TO DATE    1.98                      2.44  -0.46     2.65
  SINCE MAR 1      2.19                      3.92  -1.73     3.68
  SINCE JAN 1      3.00                      6.49  -3.49     6.60

SNOWFALL (IN)
  YESTERDAY       MM            MM      MM  MM     MM       MM
  MONTH TO DATE   MM                        MM     MM       MM
  SINCE MAR 1     MM                        MM     MM       MM
  SINCE JUL 1     MM                        MM     MM       MM
  SNOW DEPTH      MM

DEGREE DAYS
 HEATING
  YESTERDAY       24                                1
  MONTH TO DATE  796                               41
  SINCE JUL 1   9376                              330

 COOLING
  YESTERDAY        0                                0
  MONTH TO DATE    0                                0
  SINCE JAN 1      0                                0
..................................................................


WIND (MPH)
  HIGHEST WIND SPEED    14   HIGHEST WIND DIRECTION     N (350)
  HIGHEST GUST SPEED    19   HIGHEST GUST DIRECTION     N (10)
  AVERAGE WIND SPEED     8.2




..........................................................


THE FRENCHVILLE ME CLIMATE NORMALS FOR TODAY
                         NORMAL
 MAXIMUM TEMPERATURE (F)   52
 MINIMUM TEMPERATURE (F)   34


SUNRISE AND SUNSET
APRIL 27 2015.........SUNRISE   524 AM EDT   SUNSET   739 PM EDT
APRIL 28 2015.........SUNRISE   522 AM EDT   SUNSET   740 PM EDT


-  INDICATES NEGATIVE NUMBERS.
R  INDICATES RECORD WAS SET OR TIED.
MM INDICATES DATA IS MISSING.
T  INDICATES TRACE AMOUNT.




$$
