000
CDUS43 KIWX 040522
CLIFWA


CLIMATE REPORT
NATIONAL WEATHER SERVICE NORTHERN INDIANA
122 AM EDT MON MAY 4 2015


...................................

...THE FORT WAYNE CLIMATE SUMMARY FOR MAY 3 2015...

CLIMATE NORMAL PERIOD 1981 TO 2010
CLIMATE RECORD PERIOD 1897 TO 2015


WEATHER ITEM   OBSERVED TIME   RECORD YEAR NORMAL DEPARTURE LAST
                VALUE   (LST)  VALUE       VALUE  FROM      YEAR
                                                  NORMAL
..................................................................
TEMPERATURE (F)
 YESTERDAY
  MAXIMUM         78    457 PM  87    2012  68     10       68
                                      1955
                                      1928
  MINIMUM         48    554 AM  30    1967  45      3       46
  AVERAGE         63                        56      7       57

PRECIPITATION (IN)
  YESTERDAY        0.00          0.77 1997   0.11  -0.11     0.01
  MONTH TO DATE    0.00                      0.33  -0.33     0.01
  SINCE MAR 1      5.35                      6.56  -1.21     5.90
  SINCE JAN 1      9.12                     10.86  -1.74    12.14

SNOWFALL (IN)
  YESTERDAY        0.0           T    1954   0.0    0.0      0.0
                                      1940
                                      1929
  MONTH TO DATE    0.0                       0.0    0.0      0.0
  SINCE MAR 1      8.6                       5.1    3.5     14.3
  SINCE JUL 1     45.1                      33.5   11.6     76.1
  SNOW DEPTH       0

DEGREE DAYS
 HEATING
  YESTERDAY        2                         9     -7        8
  MONTH TO DATE   15                        29    -14       42
  SINCE MAR 1   1404                      1313     91     1558
  SINCE JUL 1   6553                      5911    642     6811

 COOLING
  YESTERDAY        0                         0      0        0
  MONTH TO DATE    0                         0      0        0
  SINCE MAR 1      0                         8     -8        1
  SINCE JAN 1      0                         8     -8        1
..................................................................


WIND (MPH)
  HIGHEST WIND SPEED    22   HIGHEST WIND DIRECTION     S (200)
  HIGHEST GUST SPEED    28   HIGHEST GUST DIRECTION    SW (210)
  AVERAGE WIND SPEED     9.9


SKY COVER
  AVERAGE SKY COVER 0.5


WEATHER CONDITIONS
 THE FOLLOWING WEATHER WAS RECORDED YESTERDAY.
  NO SIGNIFICANT WEATHER WAS OBSERVED.


RELATIVE HUMIDITY (PERCENT)
 HIGHEST    80           400 AM
 LOWEST     32           300 PM
 AVERAGE    56

..........................................................


THE FORT WAYNE CLIMATE NORMALS FOR TODAY
                         NORMAL    RECORD    YEAR
 MAXIMUM TEMPERATURE (F)   68        87      1949
                                             1902
 MINIMUM TEMPERATURE (F)   45        27      2005


SUNRISE AND SUNSET
MAY  4 2015...........SUNRISE   635 AM EDT   SUNSET   840 PM EDT
MAY  5 2015...........SUNRISE   634 AM EDT   SUNSET   841 PM EDT


-  INDICATES NEGATIVE NUMBERS.
R  INDICATES RECORD WAS SET OR TIED.
MM INDICATES DATA IS MISSING.
T  INDICATES TRACE AMOUNT.




$$
