000
CDUS43 KUNR 030837
CLIGCC


CLIMATE REPORT
NATIONAL WEATHER SERVICE RAPID CITY SD
234 AM MDT SUN MAY 3 2015


...................................

...THE GILLETTE AIRPORT WY CLIMATE SUMMARY FOR MAY 2 2015...

CLIMATE NORMAL PERIOD 1981 TO 2010
CLIMATE RECORD PERIOD 9999 TO 9999


WEATHER ITEM   OBSERVED TIME   NORMAL DEPARTURE LAST
                VALUE   (LST)  VALUE  FROM      YEAR
                                      NORMAL
......................................................
TEMPERATURE (F)
 YESTERDAY
  MAXIMUM         76    315 PM  61     15       68
  MINIMUM         41   1145 PM  36      5       36
  AVERAGE         59            48     11       52

PRECIPITATION (IN)
  YESTERDAY        0.00          0.07  -0.07     0.00
  MONTH TO DATE    0.00          0.14  -0.14     0.00
  SINCE MAR 1      1.65          2.57  -0.92     1.89
  SINCE JAN 1      2.50          3.35  -0.85     3.17

DEGREE DAYS
 HEATING
  YESTERDAY        6            17    -11       13
  MONTH TO DATE   16            34    -18       33
  SINCE MAR 1   1325          1642   -317     1638
  SINCE JUL 1   6415          7050   -635     7283

 COOLING
  YESTERDAY        0             0      0        0
  MONTH TO DATE    0             0      0        0
  SINCE MAR 1      0             0      0        0
  SINCE JAN 1      0             0      0        0
......................................................


WIND (MPH)
  HIGHEST WIND SPEED    21   HIGHEST WIND DIRECTION    SW (210)
  HIGHEST GUST SPEED    25   HIGHEST GUST DIRECTION    SW (210)
  AVERAGE WIND SPEED     9.5


SKY COVER
  AVERAGE SKY COVER 0.0


WEATHER CONDITIONS
 THE FOLLOWING WEATHER WAS RECORDED YESTERDAY.
  NO SIGNIFICANT WEATHER WAS OBSERVED.


RELATIVE HUMIDITY (PERCENT)
 HIGHEST    65           800 PM
 LOWEST     15           300 PM
 AVERAGE    40

..........................................................




SUNRISE AND SUNSET
MAY  3 2015...........SUNRISE   550 AM MDT   SUNSET   808 PM MDT
MAY  4 2015...........SUNRISE   549 AM MDT   SUNSET   810 PM MDT


-  INDICATES NEGATIVE NUMBERS.
R  INDICATES RECORD WAS SET OR TIED.
MM INDICATES DATA IS MISSING.
T  INDICATES TRACE AMOUNT.




$$
