000
CDUS43 KDDC 281006
CLIGCK


CLIMATE REPORT
NATIONAL WEATHER SERVICE DODGE CITY KS
506 AM CDT TUE APR 28 2015


...................................

...THE GARDEN CITY REGIONAL ARPT KS CLIMATE SUMMARY FOR APRIL 27 2015...

CLIMATE NORMAL PERIOD 1981 TO 2010
CLIMATE RECORD PERIOD 1948 TO 2015


WEATHER ITEM   OBSERVED TIME   RECORD YEAR NORMAL DEPARTURE LAST
                VALUE   (LST)  VALUE       VALUE  FROM      YEAR
                                                  NORMAL
..................................................................
TEMPERATURE (F)
 YESTERDAY
  MAXIMUM         56    614 PM  94    1981  71    -15       72
  MINIMUM         33   1144 PM  27    1984  43    -10       46
  AVERAGE         45                        57    -12       59

PRECIPITATION (IN)
  YESTERDAY        0.01          0.47 1986   0.06  -0.05     0.00
  MONTH TO DATE    0.36                      1.51  -1.15     0.45
  SINCE MAR 1      0.68                      2.97  -2.29     0.49
  SINCE JAN 1      1.45                      3.85  -2.40     0.65

DEGREE DAYS
 HEATING
  YESTERDAY       20                         9     11
  MONTH TO DATE  288                       350    -62
  SINCE MAR 1    851                      1014   -163
  SINCE JUL 1   4759                      5038   -279

 COOLING
  YESTERDAY        0                         1     -1
  MONTH TO DATE    7                         8     -1
  SINCE MAR 1      7                         8     -1
  SINCE JAN 1      7                         8     -1
..................................................................


WIND (MPH)
  HIGHEST WIND SPEED    30   HIGHEST WIND DIRECTION    NE (30)
  HIGHEST GUST SPEED    38   HIGHEST GUST DIRECTION    NE (40)
  AVERAGE WIND SPEED    18.1



WEATHER CONDITIONS
 THE FOLLOWING WEATHER WAS RECORDED YESTERDAY.
  FOG


RELATIVE HUMIDITY (PERCENT)
 HIGHEST    92          1200 AM
 LOWEST     32           500 PM
 AVERAGE    62

..........................................................


THE GARDEN CITY REGIONAL ARPT KS CLIMATE NORMALS FOR TODAY
                         NORMAL    RECORD    YEAR
 MAXIMUM TEMPERATURE (F)   71        90      1951
 MINIMUM TEMPERATURE (F)   43        29      1969


SUNRISE AND SUNSET
APRIL 28 2015.........SUNRISE   651 AM CDT   SUNSET   831 PM CDT
APRIL 29 2015.........SUNRISE   649 AM CDT   SUNSET   832 PM CDT


-  INDICATES NEGATIVE NUMBERS.
R  INDICATES RECORD WAS SET OR TIED.
MM INDICATES DATA IS MISSING.
T  INDICATES TRACE AMOUNT.




$$
