000
CDUS41 KPHI 262130
CLIGED


CLIMATE REPORT
NATIONAL WEATHER SERVICE MOUNT HOLLY NJ
530 PM EDT SUN APR 26 2015


...................................

...THE GEORGETOWN DE CLIMATE SUMMARY FOR APRIL 26 2015...
VALID TODAY AS OF 0500 PM LOCAL TIME.

CLIMATE NORMAL PERIOD 1981 TO 2010
CLIMATE RECORD PERIOD 1948 TO 2015


WEATHER ITEM   OBSERVED TIME   RECORD YEAR NORMAL DEPARTURE LAST
                VALUE   (LST)  VALUE       VALUE  FROM      YEAR
                                                  NORMAL
..................................................................
TEMPERATURE (F)
 TODAY
  MAXIMUM         61    302 PM  94    2009  68     -7       74
  MINIMUM         41    524 AM  30    1964  47     -6       50
  AVERAGE         51                        57     -6       62

PRECIPITATION (IN)
  TODAY            0.00          1.15 1975   0.10  -0.10     0.11
  MONTH TO DATE    2.95                      3.25  -0.30     2.34
  SINCE MAR 1      6.72                      7.30  -0.58     5.70
  SINCE JAN 1     13.55                     13.01   0.54    12.88

SNOWFALL (IN)
  TODAY           MM            MM      MM  MM     MM       MM
  MONTH TO DATE   MM                        MM     MM       MM
  SINCE MAR 1     MM                        MM     MM       MM
  SINCE JUL 1     MM                        MM     MM       MM
  SNOW DEPTH      MM

DEGREE DAYS
 HEATING
  TODAY           14                         9      5        3
  MONTH TO DATE  279                       316    -37      293
  SINCE MAR 1   1032                       948     84     1033
  SINCE JUL 1   4520                      4228    292     4388

 COOLING
  TODAY            0                         1     -1        0
  MONTH TO DATE    5                        16    -11       12
  SINCE MAR 1      5                        18    -13       12
  SINCE JAN 1      5                        18    -13       12
..................................................................


WIND (MPH)
  HIGHEST WIND SPEED    17   HIGHEST WIND DIRECTION     E (110)
  HIGHEST GUST SPEED    23   HIGHEST GUST DIRECTION     E (80)
  AVERAGE WIND SPEED     5.2


SKY COVER
  POSSIBLE SUNSHINE  MM
  AVERAGE SKY COVER 0.5


WEATHER CONDITIONS
 THE FOLLOWING WEATHER WAS RECORDED TODAY.
  NO SIGNIFICANT WEATHER WAS OBSERVED.


RELATIVE HUMIDITY (PERCENT)
 HIGHEST    93           400 AM
 LOWEST     35           200 PM
 AVERAGE    64

..........................................................


THE GEORGETOWN DE CLIMATE NORMALS FOR TOMORROW
                         NORMAL    RECORD    YEAR
 MAXIMUM TEMPERATURE (F)   68        91      2009
                                             1957
 MINIMUM TEMPERATURE (F)   47        30      1964


SUNRISE AND SUNSET
APRIL 26 2015.........SUNRISE   611 AM EDT   SUNSET   749 PM EDT
APRIL 27 2015.........SUNRISE   609 AM EDT   SUNSET   750 PM EDT


-  INDICATES NEGATIVE NUMBERS.
R  INDICATES RECORD WAS SET OR TIED.
MM INDICATES DATA IS MISSING.
T  INDICATES TRACE AMOUNT.




$$
