000
CDUS45 KRIW 030736
CLIGEY


CLIMATE REPORT
NATIONAL WEATHER SERVICE RIVERTON WY
126 AM MDT SUN MAY 3 2015


...................................

...THE GREYBULL WY CLIMATE SUMMARY FOR MAY 2 2015...

CLIMATE NORMAL PERIOD 1981 TO 2010
CLIMATE RECORD PERIOD 1998 TO 2015


WEATHER ITEM   OBSERVED TIME   RECORD YEAR NORMAL DEPARTURE LAST
                VALUE   (LST)  VALUE       VALUE  FROM      YEAR
                                                  NORMAL
..................................................................
TEMPERATURE (F)
 YESTERDAY
  MAXIMUM         79    456 PM  85    2000  66     13       78
  MINIMUM         43    604 AM  26    2013  38      5       40
                                      2005
  AVERAGE         61                        52      9       59

PRECIPITATION (IN)
  YESTERDAY        0.00          0.02 2007   0.03  -0.03     0.00
  MONTH TO DATE    0.00                      0.06  -0.06     0.00
  SINCE MAR 1      0.25                      1.17  -0.92     0.89
  SINCE JAN 1      0.51                      1.58  -1.07     1.15

DEGREE DAYS
 HEATING
  YESTERDAY        4                        13     -9        6
  MONTH TO DATE   12                        27    -15       20
  SINCE MAR 1   1213                      1455   -242     1479
  SINCE JUL 1   6857                      7426   -569     7366

 COOLING
  YESTERDAY        0                         0      0        0
  MONTH TO DATE    0                         0      0        0
  SINCE MAR 1      0                         1     -1        0
  SINCE JAN 1      0                         1     -1        0
..................................................................


WIND (MPH)
  HIGHEST WIND SPEED    20   HIGHEST WIND DIRECTION    NW (300)
  HIGHEST GUST SPEED    23   HIGHEST GUST DIRECTION     N (10)
  AVERAGE WIND SPEED     5.5


SKY COVER
  POSSIBLE SUNSHINE  MM
  AVERAGE SKY COVER 0.0


WEATHER CONDITIONS
 THE FOLLOWING WEATHER WAS RECORDED YESTERDAY.
  NO SIGNIFICANT WEATHER WAS OBSERVED.


RELATIVE HUMIDITY (PERCENT)
 HIGHEST    58           600 AM
 LOWEST      8           300 PM
 AVERAGE    33

..........................................................


THE GREYBULL WY CLIMATE NORMALS FOR TODAY
                         NORMAL    RECORD    YEAR
 MAXIMUM TEMPERATURE (F)   66        84      2000
 MINIMUM TEMPERATURE (F)   38        28      2008


SUNRISE AND SUNSET
MAY  3 2015...........SUNRISE   600 AM MDT   SUNSET   819 PM MDT
MAY  4 2015...........SUNRISE   559 AM MDT   SUNSET   820 PM MDT


-  INDICATES NEGATIVE NUMBERS.
R  INDICATES RECORD WAS SET OR TIED.
MM INDICATES DATA IS MISSING.
T  INDICATES TRACE AMOUNT.




$$
