000
CDUS43 KIND 210532
CLIGEZ


CLIMATE REPORT
NATIONAL WEATHER SERVICE INDIANAPOLIS IN
131 AM EDT TUE APR 21 2015


...................................

...THE SHELBYVILLE IN CLIMATE SUMMARY FOR APRIL 20 2015...

CLIMATE NORMAL PERIOD 1981 TO 2010
CLIMATE RECORD PERIOD 9999 TO 9999


WEATHER ITEM   OBSERVED TIME   NORMAL DEPARTURE LAST
                VALUE   (LST)  VALUE  FROM      YEAR
                                      NORMAL
......................................................
TEMPERATURE (F)
 YESTERDAY
  MAXIMUM         62   1218 AM  65     -3       77
  MINIMUM         48   1159 PM  44      4       43
  AVERAGE         55            54      1       60

PRECIPITATION (IN)
  YESTERDAY        0.20          0.14   0.06     0.00
  MONTH TO DATE    3.76          2.60   1.16     3.92
  SINCE MAR 1      7.62          6.03   1.59     5.98
  SINCE JAN 1     10.64         10.78  -0.14     9.86

DEGREE DAYS
 HEATING
  YESTERDAY       10            11     -1        5
  MONTH TO DATE  137           283   -146      232
  SINCE MAR 1    907          1003    -96     1050
  SINCE JUL 1   5348          5166    182     5548

 COOLING
  YESTERDAY        0             0      0        0
  MONTH TO DATE    8             0      8        8
  SINCE MAR 1      8             1      7        8
  SINCE JAN 1      8             1      7        8
......................................................


WIND (MPH)
  HIGHEST WIND SPEED    29   HIGHEST WIND DIRECTION     W (260)
  HIGHEST GUST SPEED    37   HIGHEST GUST DIRECTION     W (270)
  AVERAGE WIND SPEED    16.2


SKY COVER
  AVERAGE SKY COVER 0.9


WEATHER CONDITIONS
 THE FOLLOWING WEATHER WAS RECORDED YESTERDAY.
  RAIN
  LIGHT RAIN
  FOG


RELATIVE HUMIDITY (PERCENT)
 HIGHEST    87           400 AM
 LOWEST     51           400 PM
 AVERAGE    69

..........................................................


THE SHELBYVILLE IN CLIMATE NORMALS FOR TODAY
                         NORMAL
 MAXIMUM TEMPERATURE (F)   65
 MINIMUM TEMPERATURE (F)   44


SUNRISE AND SUNSET
APRIL 21 2015.........SUNRISE   658 AM EDT   SUNSET   827 PM EDT
APRIL 22 2015.........SUNRISE   656 AM EDT   SUNSET   828 PM EDT


-  INDICATES NEGATIVE NUMBERS.
R  INDICATES RECORD WAS SET OR TIED.
MM INDICATES DATA IS MISSING.
T  INDICATES TRACE AMOUNT.




$$
