000
CDUS41 KALY 260622
CLIGFL


CLIMATE REPORT
NATIONAL WEATHER SERVICE ALBANY NY
222 AM EDT SUN APR 26 2015


...................................

...THE GLENS FALLS NY CLIMATE SUMMARY FOR APRIL 25 2015...

CLIMATE NORMAL PERIOD 1981 TO 2010
CLIMATE RECORD PERIOD 1949 TO 2015


WEATHER ITEM   OBSERVED TIME   RECORD YEAR NORMAL DEPARTURE LAST
                VALUE   (LST)  VALUE       VALUE  FROM      YEAR
                                                  NORMAL
..................................................................
TEMPERATURE (F)
 YESTERDAY
  MAXIMUM         55    204 PM  89    2009  61     -6       61
  MINIMUM         31    305 AM  23    2003  36     -5       28
  AVERAGE         43                        48     -5       45

PRECIPITATION (IN)
  YESTERDAY        0.00          1.03 1983   0.10  -0.10     0.08
  MONTH TO DATE    1.96                      2.45  -0.49     2.06
  SINCE MAR 1      2.64                      5.39  -2.75     4.78
  SINCE JAN 1      4.69                     10.33  -5.64     9.31

DEGREE DAYS
 HEATING
  YESTERDAY       22                        17      5       20
  MONTH TO DATE  533                       535     -2      505
  SINCE MAR 1   1715                      1578    137     1815
  SINCE JUL 1   7396                      7198    198     7584

 COOLING
  YESTERDAY        0                         0      0        0
  MONTH TO DATE    0                         0      0        0
  SINCE MAR 1      0                         0      0        0
  SINCE JAN 1      0                         0      0        0
..................................................................


WIND (MPH)
  HIGHEST WIND SPEED    18   HIGHEST WIND DIRECTION     N (350)
  HIGHEST GUST SPEED    27   HIGHEST GUST DIRECTION     N (360)
  AVERAGE WIND SPEED     6.8


SKY COVER
  AVERAGE SKY COVER 0.4



RELATIVE HUMIDITY (PERCENT)
 HIGHEST    69           300 AM
 LOWEST     35           300 PM
 AVERAGE    52

..........................................................


THE GLENS FALLS NY CLIMATE NORMALS FOR TODAY
                         NORMAL    RECORD    YEAR
 MAXIMUM TEMPERATURE (F)   62        84      1990
 MINIMUM TEMPERATURE (F)   36        22      1972


SUNRISE AND SUNSET
APRIL 26 2015.........SUNRISE   555 AM EDT   SUNSET   750 PM EDT
APRIL 27 2015.........SUNRISE   554 AM EDT   SUNSET   751 PM EDT


-  INDICATES NEGATIVE NUMBERS.
R  INDICATES RECORD WAS SET OR TIED.
MM INDICATES DATA IS MISSING.
T  INDICATES TRACE AMOUNT.




$$
