000
CDUS44 KSHV 012245
CLIGGG


CLIMATE REPORT
NATIONAL WEATHER SERVICE SHREVEPORT, LA
545 PM CDT WED APR 1 2015


...................................

...THE LONGVIEW CLIMATE SUMMARY FOR APRIL 1 2015...
VALID TODAY AS OF 0500 PM LOCAL TIME.

CLIMATE NORMAL PERIOD 1981 TO 2010
CLIMATE RECORD PERIOD 1902 TO 2015


WEATHER ITEM   OBSERVED TIME   RECORD YEAR NORMAL DEPARTURE LAST
                VALUE   (LST)  VALUE       VALUE  FROM      YEAR
                                                  NORMAL
..................................................................
TEMPERATURE (F)
 TODAY
  MAXIMUM         80    359 PM  92    1974  73      7       78
  MINIMUM         60    413 AM  28    1931  50     10       63
  AVERAGE         70                        61      9       71

PRECIPITATION (IN)
  TODAY            T             1.48 1914   0.13  -0.13     0.00
  MONTH TO DATE    T                         0.13  -0.13     0.00
  SINCE DEC 1     19.35                     16.33   3.02    10.88
  SINCE JAN 1     17.05                     11.84   5.21     6.73

SNOWFALL (IN)
  TODAY            0.0
  MONTH TO DATE    0.0
  SINCE MAR 1      0.2
  SINCE JUL 1      3.1
  SNOW DEPTH       0

DEGREE DAYS
 HEATING
  TODAY            0                         5     -5        0
  MONTH TO DATE    0                         5     -5        0
  SINCE MAR 1    269                       260      9      348
  SINCE JUL 1   2247                      2164     83     2472

 COOLING
  TODAY            5                         2      3        6
  MONTH TO DATE    5                         2      3        6
  SINCE MAR 1     30                        29      1       16
  SINCE JAN 1     30                        41    -11       21
..................................................................


WIND (MPH)
  HIGHEST WIND SPEED    22   HIGHEST WIND DIRECTION     S (190)
  HIGHEST GUST SPEED    28   HIGHEST GUST DIRECTION     S (200)
  AVERAGE WIND SPEED     9.7


SKY COVER
  POSSIBLE SUNSHINE  MM
  AVERAGE SKY COVER 0.5


WEATHER CONDITIONS
 THE FOLLOWING WEATHER WAS RECORDED TODAY.
  LIGHT RAIN
  FOG
  HAZE


RELATIVE HUMIDITY (PERCENT)
 HIGHEST   100           600 AM
 LOWEST     54           200 PM
 AVERAGE    77

..........................................................


THE LONGVIEW CLIMATE NORMALS FOR TOMORROW
                         NORMAL    RECORD    YEAR
 MAXIMUM TEMPERATURE (F)   73        89      1943
 MINIMUM TEMPERATURE (F)   50        30      1920


SUNRISE AND SUNSET
APRIL  1 2015.........SUNRISE   707 AM CDT   SUNSET   739 PM CDT
APRIL  2 2015.........SUNRISE   706 AM CDT   SUNSET   739 PM CDT


-  INDICATES NEGATIVE NUMBERS.
R  INDICATES RECORD WAS SET OR TIED.
MM INDICATES DATA IS MISSING.
T  INDICATES TRACE AMOUNT.




$$
