000
CDUS45 KGJT 250737
CLIGJT


CLIMATE REPORT
NATIONAL WEATHER SERVICE GRAND JUNCTION CO
134 AM MDT SAT APR 25 2015


...................................

...THE GRAND JUNCTION CO CLIMATE SUMMARY FOR APRIL 24 2015...

CLIMATE NORMAL PERIOD 1981 TO 2010
CLIMATE RECORD PERIOD 1893 TO 2015


WEATHER ITEM   OBSERVED TIME   RECORD YEAR NORMAL DEPARTURE LAST
                VALUE   (LST)  VALUE       VALUE  FROM      YEAR
                                                  NORMAL
..................................................................
TEMPERATURE (F)
 YESTERDAY
  MAXIMUM         66    400 PM  89    2012  68     -2       64
  MINIMUM         43    603 AM  28    2014  41      2       28
  AVERAGE         55                        54      1       46

PRECIPITATION (IN)
  YESTERDAY        0.02          0.74 1931   0.03  -0.01     0.00
  MONTH TO DATE    1.16                      0.74   0.42     0.64
  SINCE MAR 1      1.43                      1.66  -0.23     0.74
  SINCE JAN 1      2.29                      2.78  -0.49     2.12

SNOWFALL (IN)
  YESTERDAY        0.0           0.0  2014   0.0    0.0      0.0
  MONTH TO DATE    2.0                       0.8    1.2       T
  SINCE MAR 1      3.9                       3.4    0.5       T
  SINCE JUL 1     12.5                      18.9   -6.4     25.7
  SNOW DEPTH       0

DEGREE DAYS
 HEATING
  YESTERDAY       10                        11     -1       19
  MONTH TO DATE  374                       343     31      352
  SINCE MAR 1    897                       996    -99     1004
  SINCE JUL 1   4882                      5375   -493     5942

 COOLING
  YESTERDAY        0                         0      0        0
  MONTH TO DATE    0                         0      0        0
  SINCE MAR 1      0                         0      0        0
  SINCE JAN 1      0                         0      0        0
..................................................................


WIND (MPH)
  HIGHEST WIND SPEED    26   HIGHEST WIND DIRECTION    SE (140)
  HIGHEST GUST SPEED    31   HIGHEST GUST DIRECTION    SE (150)
  AVERAGE WIND SPEED    12.1


SKY COVER
  POSSIBLE SUNSHINE  MM
  AVERAGE SKY COVER 0.5


WEATHER CONDITIONS
 THE FOLLOWING WEATHER WAS RECORDED YESTERDAY.
  THUNDERSTORM
  RAIN
  LIGHT RAIN


RELATIVE HUMIDITY (PERCENT)
 HIGHEST    65           600 AM
 LOWEST     25          1000 AM
 AVERAGE    45

..........................................................


THE GRAND JUNCTION CO CLIMATE NORMALS FOR TODAY
                         NORMAL    RECORD    YEAR
 MAXIMUM TEMPERATURE (F)   68        85      1946
 MINIMUM TEMPERATURE (F)   41        27      1960


SUNRISE AND SUNSET
APRIL 25 2015.........SUNRISE   624 AM MDT   SUNSET   801 PM MDT
APRIL 26 2015.........SUNRISE   622 AM MDT   SUNSET   802 PM MDT


-  INDICATES NEGATIVE NUMBERS.
R  INDICATES RECORD WAS SET OR TIED.
MM INDICATES DATA IS MISSING.
T  INDICATES TRACE AMOUNT.




$$
