000
CDUS44 KHGX 210719
CLIGLS


CLIMATE REPORT
NATIONAL WEATHER SERVICE HOUSTON/GALVESTON TX
218 AM CDT TUE APR 21 2015


...................................

...THE GALVESTON CLIMATE SUMMARY FOR APRIL 20 2015...

CLIMATE NORMAL PERIOD 1981 TO 2010
CLIMATE RECORD PERIOD 1875 TO 2015


WEATHER ITEM   OBSERVED TIME   RECORD YEAR NORMAL DEPARTURE LAST
                VALUE   (LST)  VALUE       VALUE  FROM      YEAR
                                                  NORMAL
..................................................................
TEMPERATURE (F)
 YESTERDAY
  MAXIMUM         73    410 PM  83    2006  77     -4       73
                                      2000
  MINIMUM         64    723 AM  52    1884  66     -2       62
  AVERAGE         69                        71     -2       68

PRECIPITATION (IN)
  YESTERDAY        0.00          5.09 1977   0.11  -0.11     0.00
  MONTH TO DATE    4.51                      2.18   2.33     0.10
  SINCE MAR 1     12.20                      5.34   6.86     1.92
  SINCE JAN 1     18.34                     12.11   6.23     4.97

SNOWFALL (IN)
  YESTERDAY        0.0          MM      MM  MM     MM        0.0
  MONTH TO DATE    0.0                      MM     MM        0.0
  SINCE MAR 1      0.0                      MM     MM        0.0
  SINCE JUL 1      0.0                      MM     MM         T
  SNOW DEPTH       0

DEGREE DAYS
 HEATING
  YESTERDAY        0                         0      0        0
  MONTH TO DATE    0                        16    -16       20
  SINCE MAR 1    120                       119      1      186
  SINCE JUL 1   1182                      1007    175     1425

 COOLING
  YESTERDAY        4                         6     -2        3
  MONTH TO DATE  150                        96     54       63
  SINCE MAR 1    196                       149     47       84
  SINCE JAN 1    202                       166     36       91
..................................................................


WIND (MPH)
  RESULTANT WIND SPEED  10   RESULTANT WIND DIRECTION   N (360)
  HIGHEST WIND SPEED    31   HIGHEST WIND DIRECTION     N (350)
  HIGHEST GUST SPEED    38   HIGHEST GUST DIRECTION     N (350)
  AVERAGE WIND SPEED    13.5


SKY COVER
  AVERAGE SKY COVER 0.0


WEATHER CONDITIONS
 THE FOLLOWING WEATHER WAS RECORDED YESTERDAY.
  NO SIGNIFICANT WEATHER WAS OBSERVED.


RELATIVE HUMIDITY (PERCENT)
 HIGHEST    87
 LOWEST     49
 AVERAGE    68

..........................................................


THE GALVESTON CLIMATE NORMALS FOR TODAY
                         NORMAL    RECORD    YEAR
 MAXIMUM TEMPERATURE (F)   77        86      1987
 MINIMUM TEMPERATURE (F)   66        50      1899
                                             1884


SUNRISE AND SUNSET
APRIL 21 2015.........SUNRISE   647 AM CDT   SUNSET   749 PM CDT
APRIL 22 2015.........SUNRISE   646 AM CDT   SUNSET   750 PM CDT


-  INDICATES NEGATIVE NUMBERS.
R  INDICATES RECORD WAS SET OR TIED.
MM INDICATES DATA IS MISSING.
T  INDICATES TRACE AMOUNT.




$$
