000
CDUS44 KJAN 280747
CLIHBG


CLIMATE REPORT
NATIONAL WEATHER SERVICE JACKSON MS
242 AM CDT TUE APR 28 2015


...................................

...THE HATTIESBURG CLIMATE SUMMARY FOR APRIL 27 2015...

CLIMATE NORMAL PERIOD 1981 TO 2010
CLIMATE RECORD PERIOD 1948 TO 2015


WEATHER ITEM   OBSERVED TIME   RECORD YEAR NORMAL DEPARTURE LAST
                VALUE   (LST)  VALUE       VALUE  FROM      YEAR
                                                  NORMAL
..................................................................
TEMPERATURE (F)
 YESTERDAY
  MAXIMUM         70    111 AM  91    2002  81    -11       86
  MINIMUM         59    932 PM  42    1977  56      3       71
  AVERAGE         65                        68     -3       79

PRECIPITATION (IN)
  YESTERDAY        0.25          3.30 1964   0.12   0.13     0.01
  MONTH TO DATE    3.37                      4.56  -1.19     4.54
  SINCE MAR 1      9.08                     10.06  -0.98    10.91
  SINCE JAN 1     16.91                     21.19  -4.28    20.81

SNOWFALL (IN)
  YESTERDAY        0.0

DEGREE DAYS
 HEATING
  YESTERDAY        0                         1     -1        0
  MONTH TO DATE   12                        80    -68       70
  SINCE MAR 1    128                       297   -169      342
  SINCE JUL 1   1909                      1975    -66     2265

 COOLING
  YESTERDAY        0                         4     -4       14
  MONTH TO DATE  180                        77    103       73
  SINCE MAR 1    272                       110    162       82
  SINCE JAN 1    278                       125    153       99
..................................................................


WIND (MPH)
  HIGHEST WIND SPEED    21   HIGHEST WIND DIRECTION    SE (120)
  HIGHEST GUST SPEED    24   HIGHEST GUST DIRECTION     E (110)
  AVERAGE WIND SPEED     6.3


SKY COVER
  POSSIBLE SUNSHINE  MM
  AVERAGE SKY COVER 0.3


WEATHER CONDITIONS
 THE FOLLOWING WEATHER WAS RECORDED YESTERDAY.
  THUNDERSTORM
  HEAVY RAIN
  RAIN
  LIGHT RAIN
  FOG


RELATIVE HUMIDITY (PERCENT)
 HIGHEST    93          1200 AM
 LOWEST     78           700 AM
 AVERAGE    86

..........................................................


THE HATTIESBURG CLIMATE NORMALS FOR TODAY
                         NORMAL    RECORD    YEAR
 MAXIMUM TEMPERATURE (F)   81        91      2002
 MINIMUM TEMPERATURE (F)   56        43      1992


SUNRISE AND SUNSET
APRIL 28 2015.........SUNRISE   615 AM CDT   SUNSET   734 PM CDT
APRIL 29 2015.........SUNRISE   614 AM CDT   SUNSET   735 PM CDT


-  INDICATES NEGATIVE NUMBERS.
R  INDICATES RECORD WAS SET OR TIED.
MM INDICATES DATA IS MISSING.
T  INDICATES TRACE AMOUNT.




$$
