000
CDUS46 KHNX 270021
CLIHJO


CLIMATE REPORT
NATIONAL WEATHER SERVICE SAN JOAQUIN VALLEY, CA
521 PM PDT SUN APR 26 2015


...................................

...THE HANFORD CA CLIMATE SUMMARY FOR APRIL 26 2015...
VALID AS OF 0500 PM LOCAL TIME.

CLIMATE NORMAL PERIOD 1981 TO 2010
CLIMATE RECORD PERIOD 1998 TO 2015


WEATHER ITEM   OBSERVED TIME   RECORD YEAR NORMAL DEPARTURE LAST
                VALUE   (LST)  VALUE       VALUE  FROM      YEAR
                                                  NORMAL
..................................................................
TEMPERATURE (F)
 TODAY
  MAXIMUM         75    359 PM  96    2005  78     -3       67
  MINIMUM         51    542 AM  42    2009  49      2       46
  AVERAGE         63                        64     -1       57

PRECIPITATION (IN)
  TODAY            0.00          0.03 2006   0.02  -0.02     0.00
  MONTH TO DATE    0.92                      0.69   0.23     0.20
  SINCE OCT 1      4.97                      9.22  -4.25     2.81
  SINCE JAN 1      1.85                      6.09  -4.24     2.43

SNOWFALL (IN)
  TODAY            0.0
  MONTH TO DATE    0.0
  SINCE MAR 1      0.0
  SINCE JUL 1      0.0
  SNOW DEPTH       0

DEGREE DAYS
 HEATING
  TODAY            2                                         8
  MONTH TO DATE   60                                        83
  SINCE MAR 1    150                                       258
  SINCE JUL 1   1692                                      2035

 COOLING
  TODAY            0                                         0
  MONTH TO DATE   50                                        64
  SINCE MAR 1    108                                        64
  SINCE JAN 1    108                                        64
..................................................................


WIND (MPH)
  HIGHEST WIND SPEED    16   HIGHEST WIND DIRECTION    NW (320)
  HIGHEST GUST SPEED    21   HIGHEST GUST DIRECTION    NW (330)
  AVERAGE WIND SPEED     8.7




RELATIVE HUMIDITY (PERCENT)
 HIGHEST    71
 LOWEST     33
 AVERAGE    52

..........................................................


THE HANFORD CA CLIMATE NORMALS FOR TOMORROW
                         NORMAL    RECORD    YEAR
 MAXIMUM TEMPERATURE (F)   79        98      2005
 MINIMUM TEMPERATURE (F)   49        44      2011


SUNRISE AND SUNSET
APRIL 26 2015.........SUNRISE   611 AM PDT   SUNSET   742 PM PDT
APRIL 27 2015.........SUNRISE   610 AM PDT   SUNSET   743 PM PDT


-  INDICATES NEGATIVE NUMBERS.
R  INDICATES RECORD WAS SET OR TIED.
MM INDICATES DATA IS MISSING.
T  INDICATES TRACE AMOUNT.




$$
