000
CDHW40 PHFO 051245
CLIHNL


CLIMATE REPORT
NATIONAL WEATHER SERVICE HONOLULU HI
245 AM HST TUE MAY 5 2015


...................................

...THE HONOLULU HI CLIMATE SUMMARY FOR MAY 4 2015...

CLIMATE NORMAL PERIOD 1981 TO 2010
CLIMATE RECORD PERIOD 1946 TO 2015


WEATHER ITEM   OBSERVED TIME   RECORD YEAR NORMAL DEPARTURE LAST
                VALUE   (LST)  VALUE       VALUE  FROM      YEAR
                                                  NORMAL
..................................................................
TEMPERATURE (F)
 YESTERDAY
  MAXIMUM         84    126 PM  88    2005  84      0       83
                                      1995
                                      1979
  MINIMUM         71    430 AM  64    1981  70      1       72
  AVERAGE         78                        77      1       78

PRECIPITATION (IN)
  YESTERDAY        0.01          1.04 1965   0.02  -0.01     0.00
  MONTH TO DATE    0.01                      0.09  -0.08      T
  SINCE MAR 1      1.00                      2.74  -1.74     2.94
  SINCE JAN 1      2.80                      7.04  -4.24     6.62

SNOWFALL (IN)
  YESTERDAY        0.0
  MONTH TO DATE    0.0
  SINCE MAR 1      0.0
  SINCE JUL 1      0.0
  SNOW DEPTH       0

DEGREE DAYS
 HEATING
  YESTERDAY        0                         0      0        0
  MONTH TO DATE    0                         0      0        0
  SINCE MAR 1      0                         0      0        0
  SINCE JUL 1      0                         0      0        0

 COOLING
  YESTERDAY       13                        12      1       13
  MONTH TO DATE   41                        48     -7       49
  SINCE MAR 1    657                       673    -16      724
  SINCE JAN 1   1167                      1155     12     1243
..................................................................


WIND (MPH)
  HIGHEST WIND SPEED    26   HIGHEST WIND DIRECTION     E (80)
  HIGHEST GUST SPEED    35   HIGHEST GUST DIRECTION     E (80)
  AVERAGE WIND SPEED    14.3


SKY COVER
  POSSIBLE SUNSHINE  MM
  AVERAGE SKY COVER 0.6


WEATHER CONDITIONS
 THE FOLLOWING WEATHER WAS RECORDED YESTERDAY.
  LIGHT RAIN
  TORNADO


RELATIVE HUMIDITY (PERCENT)
 HIGHEST    90           900 AM
 LOWEST     43           300 PM
 AVERAGE    67

..........................................................


THE HONOLULU HI CLIMATE NORMALS FOR TODAY
                         NORMAL    RECORD    YEAR
 MAXIMUM TEMPERATURE (F)   84        90      2005
 MINIMUM TEMPERATURE (F)   70        62      1981


SUNRISE AND SUNSET
MAY  5 2015...........SUNRISE   558 AM HST   SUNSET   659 PM HST
MAY  6 2015...........SUNRISE   558 AM HST   SUNSET   659 PM HST


-  INDICATES NEGATIVE NUMBERS.
R  INDICATES RECORD WAS SET OR TIED.
MM INDICATES DATA IS MISSING.
T  INDICATES TRACE AMOUNT.




$$
