000
CDUS44 KHGX 070732
CLIHOU


CLIMATE REPORT
NATIONAL WEATHER SERVICE HOUSTON/GALVESTON TX
232 AM CDT THU MAY 7 2015


...................................

...THE HOUSTON INTERCONTINENTAL CLIMATE SUMMARY FOR MAY 6 2015...

CLIMATE NORMAL PERIOD 1981 TO 2010
CLIMATE RECORD PERIOD 1892 TO 2015


WEATHER ITEM   OBSERVED TIME   RECORD YEAR NORMAL DEPARTURE LAST
                VALUE   (LST)  VALUE       VALUE  FROM      YEAR
                                                  NORMAL
..................................................................
TEMPERATURE (F)
 YESTERDAY
  MAXIMUM         83    212 PM  94    1906  84     -1       85
  MINIMUM         73    847 AM  49    2013  65      8       68
  AVERAGE         78                        75      3       77

PRECIPITATION (IN)
  YESTERDAY        0.41          5.00 1938   0.17   0.24     0.00
  MONTH TO DATE    0.54                      0.96  -0.42     0.00
  SINCE MAR 1     12.98                      7.68   5.30     4.01
  SINCE JAN 1     16.81                     14.26   2.55     7.36

DEGREE DAYS
 COOLING
  YESTERDAY       13                        10      3       12
  MONTH TO DATE   45                        54     -9       41
  SINCE MAR 1    349                       297     52      254
  SINCE JAN 1    359                       335     24      288
..................................................................


WIND (MPH)
  HIGHEST WIND SPEED    24   HIGHEST WIND DIRECTION    SE (140)
  HIGHEST GUST SPEED    29   HIGHEST GUST DIRECTION    SE (140)




RELATIVE HUMIDITY (PERCENT)
 HIGHEST    93
 LOWEST     74
 AVERAGE    84

..........................................................


THE HOUSTON INTERCONTINENTAL CLIMATE NORMALS FOR TODAY
                         NORMAL    RECORD    YEAR
 MAXIMUM TEMPERATURE (F)   84        94      1998
 MINIMUM TEMPERATURE (F)   65        47      1891


SUNRISE AND SUNSET
MAY  7 2015...........SUNRISE   634 AM CDT   SUNSET   802 PM CDT
MAY  8 2015...........SUNRISE   633 AM CDT   SUNSET   803 PM CDT


-  INDICATES NEGATIVE NUMBERS.
R  INDICATES RECORD WAS SET OR TIED.
MM INDICATES DATA IS MISSING.
T  INDICATES TRACE AMOUNT.




...................................

...THE HOUSTON/HOBBY AIRPORT CLIMATE SUMMARY FOR MAY 6 2015...

CLIMATE NORMAL PERIOD 1981 TO 2010
CLIMATE RECORD PERIOD 1930 TO 2015


WEATHER ITEM   OBSERVED TIME   RECORD YEAR NORMAL DEPARTURE LAST
                VALUE   (LST)  VALUE       VALUE  FROM      YEAR
                                                  NORMAL
..................................................................
TEMPERATURE (F)
 YESTERDAY
  MAXIMUM         86    208 PM  94    1947  83      3       83
  MINIMUM         73    451 AM  51    2013  66      7       65
  AVERAGE         80                        75      5       74

PRECIPITATION (IN)
  YESTERDAY        0.02          1.67 1982   0.14  -0.12     0.00
  MONTH TO DATE    0.04                      0.85  -0.81     0.00
  SINCE MAR 1     14.62                      7.30   7.32     3.85
  SINCE JAN 1     20.50                     14.38   6.12     6.47

DEGREE DAYS
 COOLING
  YESTERDAY       15                        10      5        9
  MONTH TO DATE   53                        56     -3       31
  SINCE MAR 1    376                       298     78      246
  SINCE JAN 1    386                       336     50      285
..................................................................


WIND (MPH)
  HIGHEST WIND SPEED    21   HIGHEST WIND DIRECTION     S (160)
  HIGHEST GUST SPEED    29   HIGHEST GUST DIRECTION     S (160)




RELATIVE HUMIDITY (PERCENT)
 HIGHEST    87
 LOWEST     61
 AVERAGE    74

..........................................................


THE HOUSTON/HOBBY AIRPORT CLIMATE NORMALS FOR TODAY
                         NORMAL    RECORD    YEAR
 MAXIMUM TEMPERATURE (F)   83        96      1998
 MINIMUM TEMPERATURE (F)   67        52      1992
                                             1931


SUNRISE AND SUNSET
MAY  7 2015...........SUNRISE   634 AM CDT   SUNSET   802 PM CDT
MAY  8 2015...........SUNRISE   633 AM CDT   SUNSET   802 PM CDT


-  INDICATES NEGATIVE NUMBERS.
R  INDICATES RECORD WAS SET OR TIED.
MM INDICATES DATA IS MISSING.
T  INDICATES TRACE AMOUNT.




$$
