000
CDUS42 KMHX 180540
CLIHSE


CLIMATE REPORT
NATIONAL WEATHER SERVICE NEWPORT/MOREHEAD CITY NC
132 AM EDT SAT APR 18 2015


...................................

...THE CAPE HATTERAS NC CLIMATE SUMMARY FOR APRIL 17 2015...

CLIMATE NORMAL PERIOD 1981 TO 2010
CLIMATE RECORD PERIOD 1874 TO 2015


WEATHER ITEM   OBSERVED TIME   RECORD YEAR NORMAL DEPARTURE LAST
                VALUE   (LST)  VALUE       VALUE  FROM      YEAR
                                                  NORMAL
..................................................................
TEMPERATURE (F)
 YESTERDAY
  MAXIMUM         74    120 PM  83    2012  67      7       55
  MINIMUM         61   1159 PM  33    1962  53      8       46
  AVERAGE         68                        60      8       51

PRECIPITATION (IN)
  YESTERDAY        T             1.59 1895   0.11  -0.11     0.00
  MONTH TO DATE    1.67                      2.16  -0.49     2.27
  SINCE MAR 1      4.22                      6.93  -2.71     7.75
  SINCE JAN 1     16.17                     16.19  -0.02    17.84

SNOWFALL (IN)
  YESTERDAY        0.0
  MONTH TO DATE    0.0
  SINCE NOV 1      2.0
  SINCE JUL 1      2.0
  SNOW DEPTH       0

DEGREE DAYS
 HEATING
  YESTERDAY        0                         6     -6       14
  MONTH TO DATE   79                       131    -52       98
  SINCE MAR 1    499                       550    -51      601
  SINCE JUL 1   2672                      2474    198     2434

 COOLING
  YESTERDAY        3                         1      2        0
  MONTH TO DATE    8                         8      0       11
  SINCE MAR 1      9                        11     -2       11
  SINCE JAN 1     11                        11      0       11
..................................................................


WIND (MPH)
  HIGHEST WIND SPEED    17   HIGHEST WIND DIRECTION     S (180)
  HIGHEST GUST SPEED    22   HIGHEST GUST DIRECTION     S (180)
  AVERAGE WIND SPEED     4.8


SKY COVER
  POSSIBLE SUNSHINE  MM
  AVERAGE SKY COVER 0.4


WEATHER CONDITIONS
 THE FOLLOWING WEATHER WAS RECORDED YESTERDAY.
  NO SIGNIFICANT WEATHER WAS OBSERVED.


RELATIVE HUMIDITY (PERCENT)
 HIGHEST    97          1100 PM
 LOWEST     64          1200 PM
 AVERAGE    81

..........................................................


THE CAPE HATTERAS NC CLIMATE NORMALS FOR TODAY
                         NORMAL    RECORD    YEAR
 MAXIMUM TEMPERATURE (F)   67        82      1995
 MINIMUM TEMPERATURE (F)   53        32      1966


SUNRISE AND SUNSET
APRIL 18 2015.........SUNRISE   627 AM EDT   SUNSET   737 PM EDT
APRIL 19 2015.........SUNRISE   626 AM EDT   SUNSET   738 PM EDT


-  INDICATES NEGATIVE NUMBERS.
R  INDICATES RECORD WAS SET OR TIED.
MM INDICATES DATA IS MISSING.
T  INDICATES TRACE AMOUNT.




$$
