000
CDUS43 KGID 190643
CLIHSI


CLIMATE REPORT
NATIONAL WEATHER SERVICE HASTINGS NE
143 AM CDT SUN APR 19 2015


...................................

...THE HASTINGS NE CLIMATE SUMMARY FOR APRIL 18 2015...

CLIMATE NORMAL PERIOD 1981 TO 2010
CLIMATE RECORD PERIOD 1894 TO 2015


WEATHER ITEM   OBSERVED TIME   RECORD YEAR NORMAL DEPARTURE LAST
                VALUE   (LST)  VALUE       VALUE  FROM      YEAR
                                                  NORMAL
..................................................................
TEMPERATURE (F)
 YESTERDAY
  MAXIMUM         71    334 PM  92    1994  64      7       70
                                      1985
  MINIMUM         50    708 PM  19    1953  39     11       36
  AVERAGE         61                        52      9       53

PRECIPITATION (IN)
  YESTERDAY        0.83          1.31 1944   0.09   0.74     0.00
  MONTH TO DATE    1.99                      1.28   0.71     1.36
  SINCE MAR 1      2.19                      3.07  -0.88     1.51
  SINCE JAN 1      3.30                      3.97  -0.67     2.22

SNOWFALL (IN)
  YESTERDAY        0.0           5.5  1944   0.0    0.0      0.0
  MONTH TO DATE    T                         1.0   -1.0      2.2
  SINCE MAR 1      0.8                       6.2   -5.4      3.4
  SINCE JUL 1     17.0                      28.6  -11.6     21.7
  SNOW DEPTH       0

DEGREE DAYS
 HEATING
  YESTERDAY        4                        14    -10       12
  MONTH TO DATE  202                       295    -93      309
  SINCE MAR 1    836                      1072   -236     1168
  SINCE JUL 1   5459                      5702   -243     6048

 COOLING
  YESTERDAY        0                         0      0        0
  MONTH TO DATE    4                         0      4        3
  SINCE MAR 1      4                         0      4        3
  SINCE JAN 1      4                         0      4        3
..................................................................


WIND (MPH)
  HIGHEST WIND SPEED    29   HIGHEST WIND DIRECTION     W (290)
  HIGHEST GUST SPEED    34   HIGHEST GUST DIRECTION     W (270)
  AVERAGE WIND SPEED     8.4


SKY COVER
  AVERAGE SKY COVER 0.5


WEATHER CONDITIONS
 THE FOLLOWING WEATHER WAS RECORDED YESTERDAY.
  THUNDERSTORM
  HEAVY RAIN
  RAIN
  LIGHT RAIN
  FOG


RELATIVE HUMIDITY (PERCENT)
 HIGHEST   100           600 AM
 LOWEST     57           400 PM
 AVERAGE    79

..........................................................


THE HASTINGS NE CLIMATE NORMALS FOR TODAY
                         NORMAL    RECORD    YEAR
 MAXIMUM TEMPERATURE (F)   64        87      1946
                                             1921
 MINIMUM TEMPERATURE (F)   40        23      1953


SUNRISE AND SUNSET
APRIL 19 2015.........SUNRISE   649 AM CDT   SUNSET   817 PM CDT
APRIL 20 2015.........SUNRISE   648 AM CDT   SUNSET   818 PM CDT


-  INDICATES NEGATIVE NUMBERS.
R  INDICATES RECORD WAS SET OR TIED.
MM INDICATES DATA IS MISSING.
T  INDICATES TRACE AMOUNT.




$$
