000
CDUS43 KAPX 042128
CLIHTL


CLIMATE REPORT
NATIONAL WEATHER SERVICE GAYLORD MI
528 PM EDT MON MAY 4 2015


...................................

...THE HOUGHTON LAKE MI CLIMATE SUMMARY FOR MAY 4 2015...
VALID TODAY AS OF 0500 PM LOCAL TIME.

CLIMATE NORMAL PERIOD 1981 TO 2010
CLIMATE RECORD PERIOD 1913 TO 2015


WEATHER ITEM   OBSERVED TIME   RECORD YEAR NORMAL DEPARTURE LAST
                VALUE   (LST)  VALUE       VALUE  FROM      YEAR
                                                  NORMAL
..................................................................
TEMPERATURE (F)
 TODAY
  MAXIMUM         72    337 PM  89    1934  62     10       51
  MINIMUM         57    729 AM  12    1926  38     19       34
  AVERAGE         65                        50     15       43

PRECIPITATION (IN)
  TODAY            T             0.70 1938   0.08  -0.08     0.02
  MONTH TO DATE    T                         0.32  -0.32     0.70
  SINCE MAR 1      2.73                      4.64  -1.91     7.51
  SINCE JAN 1      4.54                      7.36  -2.82    10.31

DEGREE DAYS
 HEATING
  TODAY            0                        15    -15       22
  MONTH TO DATE   21                        62    -41       82
  SINCE MAR 1   1875                      1851     24     2204
  SINCE JUL 1   8242                      7723    519     8652

 COOLING
  TODAY            0                         0      0        0
  MONTH TO DATE    0                         0      0        0
  SINCE MAR 1      0                         2     -2        0
  SINCE JAN 1      0                         2     -2        0
..................................................................


WIND (MPH)
  RESULTANT WIND SPEED   6   RESULTANT WIND DIRECTION   W (290)
  HIGHEST WIND SPEED    20   HIGHEST WIND DIRECTION    NW (310)
  HIGHEST GUST SPEED    25   HIGHEST GUST DIRECTION    NW (310)
  AVERAGE WIND SPEED     9.1


SKY COVER
  POSSIBLE SUNSHINE  MM
  AVERAGE SKY COVER 0.5


WEATHER CONDITIONS
 THE FOLLOWING WEATHER WAS RECORDED TODAY.
  RAIN
  LIGHT RAIN
  FOG


RELATIVE HUMIDITY (PERCENT)
 HIGHEST    87           800 AM
 LOWEST     29           300 PM
 AVERAGE    58

..........................................................


THE HOUGHTON LAKE MI CLIMATE NORMALS FOR TOMORROW
                         NORMAL    RECORD    YEAR
 MAXIMUM TEMPERATURE (F)   63        90      1949
                                             1941
 MINIMUM TEMPERATURE (F)   38        21      1920


SUNRISE AND SUNSET
MAY  4 2015...........SUNRISE   626 AM EDT   SUNSET   846 PM EDT
MAY  5 2015...........SUNRISE   624 AM EDT   SUNSET   847 PM EDT


-  INDICATES NEGATIVE NUMBERS.
R  INDICATES RECORD WAS SET OR TIED.
MM INDICATES DATA IS MISSING.
T  INDICATES TRACE AMOUNT.




$$
