000
CDUS41 KRLX 010728
CLIHTS


CLIMATE REPORT
NATIONAL WEATHER SERVICE CHARLESTON WV
323 AM EDT WED APR 1 2015


...................................

...THE HUNTINGTON WV CLIMATE SUMMARY FOR MARCH 31 2015...

CLIMATE NORMAL PERIOD 1981 TO 2010
CLIMATE RECORD PERIOD 1897 TO 2015


WEATHER ITEM   OBSERVED TIME   RECORD YEAR NORMAL DEPARTURE LAST
                VALUE   (LST)  VALUE       VALUE  FROM      YEAR
                                                  NORMAL
..................................................................
TEMPERATURE (F)
 YESTERDAY
  MAXIMUM         75    156 PM  85    1986  63     12       64
  MINIMUM         40    103 AM  18    1923  40      0       27
  AVERAGE         58                        51      7       46

PRECIPITATION (IN)
  YESTERDAY        0.00          1.80 1908   0.12  -0.12     0.00
  MONTH TO DATE    6.33                      3.90   2.43     3.11
  SINCE JAN 1     11.77                      9.94   1.83    10.47

SNOWFALL (IN)
  YESTERDAY        0.0
  MONTH TO DATE   12.8
  SINCE SEP 1     36.6
  SNOW DEPTH       0

DEGREE DAYS
 HEATING
  YESTERDAY        7                        14     -7       19
  MONTH TO DATE  629                       597     32      740
  SINCE MAR 1    629                       596     33      740
  SINCE JUL 1   4645                      4097    548     4501

 COOLING
  YESTERDAY        0                         0      0        0
  MONTH TO DATE    0                         5     -5        0
  SINCE MAR 1      0                         5     -5        0
  SINCE JAN 1      0                         5     -5        0
..................................................................


WIND (MPH)
  HIGHEST WIND SPEED    25   HIGHEST WIND DIRECTION     W (270)
  HIGHEST GUST SPEED    38   HIGHEST GUST DIRECTION     W (270)
  AVERAGE WIND SPEED    10.7


SKY COVER
  POSSIBLE SUNSHINE  MM


WEATHER CONDITIONS
 THE FOLLOWING WEATHER WAS RECORDED YESTERDAY.
  NO SIGNIFICANT WEATHER WAS OBSERVED.


RELATIVE HUMIDITY (PERCENT)
 HIGHEST    65          1100 PM
 LOWEST     22           500 PM
 AVERAGE    44

..........................................................


THE HUNTINGTON WV CLIMATE NORMALS FOR TODAY
                         NORMAL    RECORD    YEAR
 MAXIMUM TEMPERATURE (F)   63        88      1974
                                             1963
 MINIMUM TEMPERATURE (F)   40        17      1923


SUNRISE AND SUNSET
APRIL  1 2015.........SUNRISE   716 AM EDT   SUNSET   753 PM EDT
APRIL  2 2015.........SUNRISE   714 AM EDT   SUNSET   754 PM EDT


-  INDICATES NEGATIVE NUMBERS.
R  INDICATES RECORD WAS SET OR TIED.
MM INDICATES DATA IS MISSING.
T  INDICATES TRACE AMOUNT.




$$
