000
CDUS43 KUNR 210832
CLIICR


CLIMATE REPORT
NATIONAL WEATHER SERVICE RAPID CITY SD
231 AM MDT TUE APR 21 2015


...................................

...THE WINNER REGIONAL AIRPORT SD CLIMATE SUMMARY FOR APRIL 20 2015...

CLIMATE NORMAL PERIOD 1981 TO 2010
CLIMATE RECORD PERIOD 9999 TO 9999


WEATHER ITEM   OBSERVED TIME   NORMAL DEPARTURE LAST
                VALUE   (LST)  VALUE  FROM      YEAR
                                      NORMAL
......................................................
TEMPERATURE (F)
 YESTERDAY
  MAXIMUM         57    323 PM  61     -4       83
  MINIMUM         31    558 AM  38     -7       40
  AVERAGE         44            49     -5       62

PRECIPITATION (IN)
  YESTERDAY        0.00          0.09  -0.09     0.01
  MONTH TO DATE    0.64          1.46  -0.82     0.15
  SINCE MAR 1      0.75          2.84  -2.09     0.19
  SINCE JAN 1      0.84          3.60  -2.76     0.27

DEGREE DAYS
 HEATING
  YESTERDAY       21            16      5        3
  MONTH TO DATE  285           381    -96      372
  SINCE MAR 1    910          1257   -347     1322
  SINCE JUL 1   5670          6266   -596     6655

 COOLING
  YESTERDAY        0             0      0        0
  MONTH TO DATE    0             0      0        2
  SINCE MAR 1      6             0      6        2
  SINCE JAN 1      6             0      6        2
......................................................


WIND (MPH)
  HIGHEST WIND SPEED    36   HIGHEST WIND DIRECTION    NW (310)
  HIGHEST GUST SPEED    49   HIGHEST GUST DIRECTION    NW (310)
  AVERAGE WIND SPEED    19.5


SKY COVER
  AVERAGE SKY COVER 0.4


WEATHER CONDITIONS
 THE FOLLOWING WEATHER WAS RECORDED YESTERDAY.
  NO SIGNIFICANT WEATHER WAS OBSERVED.


RELATIVE HUMIDITY (PERCENT)
 HIGHEST    78           600 AM
 LOWEST     18           500 PM
 AVERAGE    48

..........................................................




SUNRISE AND SUNSET
APRIL 21 2015.........SUNRISE   648 AM CDT   SUNSET   829 PM CDT
APRIL 22 2015.........SUNRISE   646 AM CDT   SUNSET   830 PM CDT


-  INDICATES NEGATIVE NUMBERS.
R  INDICATES RECORD WAS SET OR TIED.
MM INDICATES DATA IS MISSING.
T  INDICATES TRACE AMOUNT.




$$
