000
CDUS43 KUNR 250855
CLIIEN


CLIMATE REPORT
NATIONAL WEATHER SERVICE RAPID CITY SD
255 AM MDT SAT APR 25 2015


...................................

...THE PINE RIDGE SD CLIMATE SUMMARY FOR APRIL 24 2015...

CLIMATE NORMAL PERIOD 1981 TO 2010
CLIMATE RECORD PERIOD 9999 TO 9999


WEATHER ITEM   OBSERVED TIME   NORMAL DEPARTURE LAST
                VALUE   (LST)  VALUE  FROM      YEAR
                                      NORMAL
......................................................
TEMPERATURE (F)
 YESTERDAY
  MAXIMUM         70    254 PM  63      7       66
  MINIMUM         41    424 AM  34      7       32
  AVERAGE         56            48      8       49

PRECIPITATION (IN)
  YESTERDAY        0.02          0.07  -0.05     0.00
  MONTH TO DATE    1.68          1.46   0.22     0.96
  SINCE MAR 1      1.86          2.33  -0.47     1.30
  SINCE JAN 1      2.32          3.12  -0.80     1.57

DEGREE DAYS
 HEATING
  YESTERDAY        9            17     -8       16
  MONTH TO DATE  483           488     -5      500
  SINCE MAR 1   1190          1376   -186     1433
  SINCE JUL 1   6400          6726   -326     6915

 COOLING
  YESTERDAY        0             0      0        0
  MONTH TO DATE    0             0      0        1
  SINCE MAR 1      0             0      0        1
  SINCE JAN 1      0             0      0        1
......................................................


WIND (MPH)
  HIGHEST WIND SPEED    32   HIGHEST WIND DIRECTION    NW (310)
  HIGHEST GUST SPEED    39   HIGHEST GUST DIRECTION    NW (310)
  AVERAGE WIND SPEED     6.8


SKY COVER
  AVERAGE SKY COVER 0.2


WEATHER CONDITIONS
 THE FOLLOWING WEATHER WAS RECORDED YESTERDAY.
  THUNDERSTORM


RELATIVE HUMIDITY (PERCENT)
 HIGHEST    93          1000 PM
 LOWEST     31           300 PM
 AVERAGE    62

..........................................................




SUNRISE AND SUNSET
APRIL 25 2015.........SUNRISE   553 AM MDT   SUNSET   744 PM MDT
APRIL 26 2015.........SUNRISE   551 AM MDT   SUNSET   745 PM MDT


-  INDICATES NEGATIVE NUMBERS.
R  INDICATES RECORD WAS SET OR TIED.
MM INDICATES DATA IS MISSING.
T  INDICATES TRACE AMOUNT.




$$
