000
CDUS41 KPHI 280629
CLIILG


CLIMATE REPORT
NATIONAL WEATHER SERVICE MOUNT HOLLY NJ
229 AM EDT TUE APR 28 2015


...................................

...THE WILMINGTON DE CLIMATE SUMMARY FOR APRIL 27 2015...

CLIMATE NORMAL PERIOD 1981 TO 2010
CLIMATE RECORD PERIOD 1894 TO 2015


WEATHER ITEM   OBSERVED TIME   RECORD YEAR NORMAL DEPARTURE LAST
                VALUE   (LST)  VALUE       VALUE  FROM      YEAR
                                                  NORMAL
..................................................................
TEMPERATURE (F)
 YESTERDAY
  MAXIMUM         61    155 PM  91    1990  68     -7       64
  MINIMUM         41    323 AM  32    1933  47     -6       42
  AVERAGE         51                        57     -6       53

PRECIPITATION (IN)
  YESTERDAY        0.00          2.00 1913   0.11  -0.11     0.00
  MONTH TO DATE    4.29                      3.16   1.13     2.24
  SINCE MAR 1      9.68                      7.08   2.60     6.06
  SINCE JAN 1     16.29                     12.77   3.52    14.64

SNOWFALL (IN)
  YESTERDAY        0.0           0.0  1894   0.0    0.0      0.0
  MONTH TO DATE    0.0                       0.3   -0.3      0.0
  SINCE MAR 1      8.6                       2.2    6.4      7.7
  SINCE JUL 1     23.4                      20.2    3.2     56.1
  SNOW DEPTH       0

DEGREE DAYS
 HEATING
  YESTERDAY       14                         9      5       12
  MONTH TO DATE  316                       339    -23      332
  SINCE MAR 1   1150                      1022    128     1152
  SINCE JUL 1   4989                      4645    344     5007

 COOLING
  YESTERDAY        0                         1     -1        0
  MONTH TO DATE    4                         7     -3        7
  SINCE MAR 1      4                         8     -4        7
  SINCE JAN 1      4                         8     -4        7
..................................................................


WIND (MPH)
  HIGHEST WIND SPEED    22   HIGHEST WIND DIRECTION    NW (330)
  HIGHEST GUST SPEED    27   HIGHEST GUST DIRECTION    NW (300)
  AVERAGE WIND SPEED    10.2


SKY COVER
  POSSIBLE SUNSHINE  MM
  AVERAGE SKY COVER 0.8


WEATHER CONDITIONS
 THE FOLLOWING WEATHER WAS RECORDED YESTERDAY.
  NO SIGNIFICANT WEATHER WAS OBSERVED.


RELATIVE HUMIDITY (PERCENT)
 HIGHEST    82           200 AM
 LOWEST     35           200 PM
 AVERAGE    59

..........................................................


THE WILMINGTON DE CLIMATE NORMALS FOR TODAY
                         NORMAL    RECORD    YEAR
 MAXIMUM TEMPERATURE (F)   68        89      1990
 MINIMUM TEMPERATURE (F)   47        30      1934


SUNRISE AND SUNSET
APRIL 28 2015.........SUNRISE   607 AM EDT   SUNSET   753 PM EDT
APRIL 29 2015.........SUNRISE   606 AM EDT   SUNSET   754 PM EDT


-  INDICATES NEGATIVE NUMBERS.
R  INDICATES RECORD WAS SET OR TIED.
MM INDICATES DATA IS MISSING.
T  INDICATES TRACE AMOUNT.




$$
