000
CDUS42 KILM 250847
CLIILM


CLIMATE REPORT
NATIONAL WEATHER SERVICE WILMINGTON NC
447 AM EDT SAT APR 25 2015


...................................

...THE WILMINGTON NC CLIMATE SUMMARY FOR APRIL 24 2015...

CLIMATE NORMAL PERIOD 1981 TO 2010
CLIMATE RECORD PERIOD 1871 TO 2015


WEATHER ITEM   OBSERVED TIME   RECORD YEAR NORMAL DEPARTURE LAST
                VALUE   (LST)  VALUE       VALUE  FROM      YEAR
                                                  NORMAL
..................................................................
TEMPERATURE (F)
 YESTERDAY
  MAXIMUM         71    418 PM  93    1980  76     -5       70
                                      1925
  MINIMUM         48    600 AM  37    1982  54     -6       47
  AVERAGE         60                        65     -5       59

PRECIPITATION (IN)
  YESTERDAY        0.00          1.08 1977   0.10  -0.10     0.00
  MONTH TO DATE    1.76                      2.26  -0.50     4.44
  SINCE MAR 1      5.19                      6.47  -1.28    10.83
  SINCE JAN 1     14.51                     13.85   0.66    16.29

SNOWFALL (IN)
  YESTERDAY        0.0          MM      MM   0.0    0.0      0.0
  MONTH TO DATE    0.0                       0.0    0.0      0.0
  SINCE MAR 1      0.0                       0.2   -0.2      0.0
  SINCE JUL 1      0.3                       1.7   -1.4      1.0
  SNOW DEPTH       0

DEGREE DAYS
 HEATING
  YESTERDAY        5                         3      2        6
  MONTH TO DATE   57                       116    -59       85
  SINCE MAR 1    370                       439    -69      498
  SINCE JUL 1   2553                      2368    185     2432

 COOLING
  YESTERDAY        0                         3     -3        0
  MONTH TO DATE   63                        47     16       62
  SINCE MAR 1     83                        63     20       64
  SINCE JAN 1     89                        68     21       69
..................................................................


WIND (MPH)
  HIGHEST WIND SPEED    17   HIGHEST WIND DIRECTION    NW (320)
  HIGHEST GUST SPEED    24   HIGHEST GUST DIRECTION     N (350)
  AVERAGE WIND SPEED     9.2


SKY COVER
  POSSIBLE SUNSHINE  MM
  AVERAGE SKY COVER 0.0


WEATHER CONDITIONS
 THE FOLLOWING WEATHER WAS RECORDED YESTERDAY.
  NO SIGNIFICANT WEATHER WAS OBSERVED.


RELATIVE HUMIDITY (PERCENT)
 HIGHEST    93          1200 AM
 LOWEST     19           400 PM
 AVERAGE    56

..........................................................


THE WILMINGTON NC CLIMATE NORMALS FOR TODAY
                         NORMAL    RECORD    YEAR
 MAXIMUM TEMPERATURE (F)   76        90      1990
                                             1989
                                             1980
 MINIMUM TEMPERATURE (F)   54        39      1875


SUNRISE AND SUNSET
APRIL 25 2015.........SUNRISE   629 AM EDT   SUNSET   751 PM EDT
APRIL 26 2015.........SUNRISE   628 AM EDT   SUNSET   752 PM EDT


-  INDICATES NEGATIVE NUMBERS.
R  INDICATES RECORD WAS SET OR TIED.
MM INDICATES DATA IS MISSING.
T  INDICATES TRACE AMOUNT.




$$
