000
CDUS43 KILX 262133
CLIILX


CLIMATE REPORT
NATIONAL WEATHER SERVICE LINCOLN IL
432 PM CDT SUN APR 26 2015


...................................

...THE LINCOLN IL CLIMATE SUMMARY FOR APRIL 26 2015...
VALID TODAY AS OF 0400 PM LOCAL TIME.

CLIMATE NORMAL PERIOD 1981 TO 2010
CLIMATE RECORD PERIOD 1905 TO 2015


WEATHER ITEM   OBSERVED TIME   RECORD YEAR NORMAL DEPARTURE LAST
                VALUE   (LST)  VALUE       VALUE  FROM      YEAR
                                                  NORMAL
..................................................................
TEMPERATURE (F)
 TODAY
  MAXIMUM         59        MM  91    1986  68     -9       82
  MINIMUM         39        MM  24    1919  45     -6       42
  AVERAGE         49                        56     -7       62

PRECIPITATION (IN)
  TODAY            0.00          1.50 1921   0.13  -0.13      T
  MONTH TO DATE    2.24                      3.08  -0.84     2.22
  SINCE MAR 1      3.79                      5.68  -1.89     4.11
  SINCE JAN 1      6.55                      9.43  -2.88     8.77

SNOWFALL (IN)
  TODAY            0.0           0.0    MM   0.0    0.0      0.0
  MONTH TO DATE    0.0                       0.3   -0.3       T
  SINCE MAR 1      3.7                       2.0    1.7      4.7
  SINCE JUL 1     21.9                      20.5    1.4     46.3
  SNOW DEPTH       0

DEGREE DAYS
 HEATING
  TODAY           16                         9      7        3
  MONTH TO DATE  273                       357    -84      331
  SINCE MAR 1   1098                      1098      0     1263
  SINCE JUL 1   6035                      5521    514     6507

 COOLING
  TODAY            0                         1     -1        0
  MONTH TO DATE    1                         9     -8        1
  SINCE MAR 1      1                        11    -10        1
  SINCE JAN 1      1                        11    -10        1
..................................................................







THE LINCOLN IL CLIMATE NORMALS FOR TOMORROW
                         NORMAL    RECORD    YEAR
 MAXIMUM TEMPERATURE (F)   68        90      1986
 MINIMUM TEMPERATURE (F)   45        24      1928


SUNRISE AND SUNSET
APRIL 26 2015.........SUNRISE   604 AM CDT   SUNSET   747 PM CDT
APRIL 27 2015.........SUNRISE   603 AM CDT   SUNSET   748 PM CDT


-  INDICATES NEGATIVE NUMBERS.
R  INDICATES RECORD WAS SET OR TIED.
MM INDICATES DATA IS MISSING.
T  INDICATES TRACE AMOUNT.




$$
