000
CDUS43 KEAX 060641
CLIIRK


CLIMATE REPORT
NATIONAL WEATHER SERVICE KANSAS CITY/PLEASANT HILL MO
140 AM CDT WED MAY 6 2015


...................................

...THE KIRKSVILLE MO CLIMATE SUMMARY FOR MAY 5 2015...

CLIMATE NORMAL PERIOD 1981 TO 2010
CLIMATE RECORD PERIOD 9999 TO 9999


WEATHER ITEM   OBSERVED TIME   NORMAL DEPARTURE LAST
                VALUE   (LST)  VALUE  FROM      YEAR
                                      NORMAL
......................................................
TEMPERATURE (F)
 YESTERDAY
  MAXIMUM         81    332 PM  69     12       70
  MINIMUM         56    416 AM  48      8       47
  AVERAGE         69            58     11       59

PRECIPITATION (IN)
  YESTERDAY        0.00          0.18  -0.18     0.00
  MONTH TO DATE    0.21          0.94  -0.73     0.01
  SINCE MAR 1      4.74          7.33  -2.59     4.06
  SINCE JAN 1      6.79         10.13  -3.34     7.61

DEGREE DAYS
 HEATING
  YESTERDAY        0             8     -8        6
  MONTH TO DATE   14            41    -27       43
  SINCE MAR 1    982          1198   -216     1346
  SINCE JUL 1   5661          5731    -70     6316

 COOLING
  YESTERDAY        4             1      3        0
  MONTH TO DATE   12             4      8        0
  SINCE MAR 1     15            11      4        5
  SINCE JAN 1     15            11      4        5
......................................................


WIND (MPH)
  HIGHEST WIND SPEED    13   HIGHEST WIND DIRECTION     S (200)
  HIGHEST GUST SPEED    17   HIGHEST GUST DIRECTION     S (190)
  AVERAGE WIND SPEED     5.8


SKY COVER
  AVERAGE SKY COVER 0.5


WEATHER CONDITIONS
 THE FOLLOWING WEATHER WAS RECORDED YESTERDAY.
  FOG
  FOG W/VISIBILITY <= 1/4 MILE


RELATIVE HUMIDITY (PERCENT)
 HIGHEST   100           100 AM
 LOWEST     45           400 PM
 AVERAGE    73

..........................................................


THE KIRKSVILLE MO CLIMATE NORMALS FOR TODAY
                         NORMAL
 MAXIMUM TEMPERATURE (F)   69
 MINIMUM TEMPERATURE (F)   48


SUNRISE AND SUNSET
MAY  6 2015...........SUNRISE   604 AM CDT   SUNSET   810 PM CDT
MAY  7 2015...........SUNRISE   603 AM CDT   SUNSET   811 PM CDT


-  INDICATES NEGATIVE NUMBERS.
R  INDICATES RECORD WAS SET OR TIED.
MM INDICATES DATA IS MISSING.
T  INDICATES TRACE AMOUNT.




$$
